{"id":1002,"date":"2025-02-13T07:16:19","date_gmt":"2025-02-13T07:16:19","guid":{"rendered":"https:\/\/duolifelietuva.com\/?post_type=product&#038;p=1002"},"modified":"2025-05-23T17:06:16","modified_gmt":"2025-05-23T17:06:16","slug":"pro-collagen-body-silver-100-ml","status":"publish","type":"product","link":"https:\/\/duolifelietuva.com\/?product=pro-collagen-body-silver-100-ml","title":{"rendered":"Pro Collagen Body Silver 100 ml"},"content":{"rendered":"<p>**Pro Collagen Body Silver** \u2013 tai aktyvi\u0173j\u0173 ingredient\u0173 derinys su dideliu nat\u016bralumo lygiu. **Pro Collagen Body Silver 100 ml** \u2013 tai:<br \/>\n&#8211; kosmetikos priemon\u0117 kasdienei viso k\u016bno odos prie\u017ei\u016brai, nepriklausomai nuo odos tipo ir am\u017eiaus;<br \/>\n&#8211; kolageno hidratas su trimis aktyviaisiais ingredientais: elastinu, pieno r\u016bg\u0161timi, kaprilo glikoliu;<br \/>\n&#8211; kosmetikos priemon\u0117 be alergen\u0173 turin\u010di\u0173 ingredient\u0173;<br \/>\n&#8211; patogi pakuot\u0117, u\u017etikrinanti higieni\u0161k\u0105 naudojim\u0105 \u2013 \u201eNo Touch Formula\u201c.<br \/>\n**I\u0161pl\u0117stin\u0117 kolageno sud\u0117tis**<br \/>\n**Pro Collagen Body Silver** sud\u0117tyje yra vertingas ingredientas \u2013 natyvus kolagenas. Natyvus kolagenas, i\u0161gaunamas i\u0161 balt\u0173j\u0173 am\u016br\u0173 (Hypophthalmichthys molitrix), produkte i\u0161laikomas nat\u016bralios trigubos spiral\u0117s formos, identi\u0161kos tai, kuri aptinkama m\u016bs\u0173 organizme.<br \/>\n**Stangrinantis ir elastingum\u0105 gerinantis poveikis**<br \/>\nNaudojant kolageno hidrat\u0105 su i\u0161saugota aminor\u016bg\u0161\u010di\u0173 strukt\u016bra ir trigubos spiral\u0117s erdvine strukt\u016bra, oda tampa sudr\u0117kinta, elastinga, suma\u017e\u0117ja rauk\u0161li\u0173 matomumas ir skatinama kolageno gamyba. Efektyviai l\u0117tina odos sen\u0117jimo proces\u0105, gerina jos b\u016bkl\u0119 ir i\u0161vaizd\u0105. Be to, kolagenas pasi\u017eymi vandens suri\u0161imo savyb\u0117mis, u\u017etikrinan\u010diomis tinkam\u0105 odos dr\u0117kinim\u0105.<br \/>\n**99 % nat\u016bralus produktas**<\/p>\n","protected":false},"excerpt":{"rendered":"<p>**Pro Collagen Body Silver** \u2013 tai aktyvi\u0173j\u0173 ingredient\u0173 derinys su dideliu nat\u016bralumo lygiu. **Pro Collagen Body Silver 100 ml** \u2013 tai: &#8211; kosmetikos priemon\u0117 kasdienei viso k\u016bno odos prie\u017ei\u016brai, nepriklausomai nuo odos tipo ir am\u017eiaus; &#8211; kolageno hidratas su trimis aktyviaisiais ingredientais: elastinu, pieno r\u016bg\u0161timi, kaprilo glikoliu; &#8211; kosmetikos priemon\u0117 be alergen\u0173 turin\u010di\u0173 ingredient\u0173; &#8211; [&#8230;]\n","protected":false},"featured_media":1003,"comment_status":"open","ping_status":"closed","template":"","meta":[],"product_brand":[],"product_cat":[61],"product_tag":[],"class_list":{"0":"post-1002","1":"product","2":"type-product","3":"status-publish","4":"has-post-thumbnail","6":"product_cat-kosmetika","8":"first","9":"instock","10":"shipping-taxable","11":"purchasable","12":"product-type-simple"},"_links":{"self":[{"href":"https:\/\/duolifelietuva.com\/index.php?rest_route=\/wp\/v2\/product\/1002","targetHints":{"allow":["GET"]}}],"collection":[{"href":"https:\/\/duolifelietuva.com\/index.php?rest_route=\/wp\/v2\/product"}],"about":[{"href":"https:\/\/duolifelietuva.com\/index.php?rest_route=\/wp\/v2\/types\/product"}],"replies":[{"embeddable":true,"href":"https:\/\/duolifelietuva.com\/index.php?rest_route=%2Fwp%2Fv2%2Fcomments&post=1002"}],"wp:featuredmedia":[{"embeddable":true,"href":"https:\/\/duolifelietuva.com\/index.php?rest_route=\/wp\/v2\/media\/1003"}],"wp:attachment":[{"href":"https:\/\/duolifelietuva.com\/index.php?rest_route=%2Fwp%2Fv2%2Fmedia&parent=1002"}],"wp:term":[{"taxonomy":"product_brand","embeddable":true,"href":"https:\/\/duolifelietuva.com\/index.php?rest_route=%2Fwp%2Fv2%2Fproduct_brand&post=1002"},{"taxonomy":"product_cat","embeddable":true,"href":"https:\/\/duolifelietuva.com\/index.php?rest_route=%2Fwp%2Fv2%2Fproduct_cat&post=1002"},{"taxonomy":"product_tag","embeddable":true,"href":"https:\/\/duolifelietuva.com\/index.php?rest_route=%2Fwp%2Fv2%2Fproduct_tag&post=1002"}],"curies":[{"name":"wp","href":"https:\/\/api.w.org\/{rel}","templated":true}]}}