{"id":301,"date":"2024-12-24T15:21:48","date_gmt":"2024-12-24T15:21:48","guid":{"rendered":"https:\/\/duolifelietuva.com\/?post_type=product&#038;p=301"},"modified":"2025-05-23T17:10:47","modified_gmt":"2025-05-23T17:10:47","slug":"collagen-face-serum-30-ml","status":"publish","type":"product","link":"https:\/\/duolifelietuva.com\/?product=collagen-face-serum-30-ml","title":{"rendered":"Collagen Face Serum 30 ml"},"content":{"rendered":"<p>**Collagen Face Serum** \u2013 tai ultralengva serumas su anti-sen\u0117jimo savyb\u0117mis. Priemon\u0117 kovuoja su odos sen\u0117jimo po\u017eymiais, stangrina ir ma\u017eina smulki\u0173 rauk\u0161li\u0173 matomum\u0105. Sud\u0117tyje esantis \u017euvies kolagenas ir j\u016brinio kolageno kompleksas su organiniu siliciu pastebimai i\u0161lygina smulkias rauk\u0161les ir u\u017etikrina pakankam\u0105 odos elastingum\u0105 bei stangrum\u0105. Naudojamas j\u016bros dumbli\u0173 ekstraktas turi \u012frodytas dr\u0117kinam\u0105sias ir atkuriam\u0105sias savybes. Naudojamas perl\u0173 ekstraktas stiprina, regeneruoja ir dr\u0117kina od\u0105. Reguliariai naudojant serum\u0105, pastebimai pager\u0117ja odos b\u016bkl\u0117. Ji tampa stangri, lygi, \u0161ilkin\u0117 liesti ir spindinti.<\/p>\n<p>1. Ultralengvas anti-sen\u0117jimo serumas.<br \/>\n2. Produktas, kuriame yra specialiai parinkti aktyv\u016bs ingredientai, gaunami i\u0161 j\u016brini\u0173 organizm\u0173. Jie i\u0161lygina smulkias rauk\u0161les ir u\u017etikrina pakankam\u0105 odos elastingum\u0105.<br \/>\n3. Serumas turi botanin\u012f ekstrakt\u0173 kompleks\u0105, kuriame yra \u0161ie j\u016bros dumbliai: hekas, nori, enteromorfa, vakama, litotamniumas ir perl\u0173 ekstraktas.<br \/>\n4. Produkto nat\u016bralumo indeksas sudaro 97,2%.<br \/>\n5. Serumas turi 3 tipus kolageno, kurie padeda pagerinti odos dr\u0117kinim\u0105.<\/p>\n","protected":false},"excerpt":{"rendered":"<p>**Collagen Face Serum** \u2013 tai ultralengva serumas su anti-sen\u0117jimo savyb\u0117mis. Priemon\u0117 kovuoja su odos sen\u0117jimo po\u017eymiais, stangrina ir ma\u017eina smulki\u0173 rauk\u0161li\u0173 matomum\u0105. Sud\u0117tyje esantis \u017euvies kolagenas ir j\u016brinio kolageno kompleksas su organiniu siliciu pastebimai i\u0161lygina smulkias rauk\u0161les ir u\u017etikrina pakankam\u0105 odos elastingum\u0105 bei stangrum\u0105. Naudojamas j\u016bros dumbli\u0173 ekstraktas turi \u012frodytas dr\u0117kinam\u0105sias ir atkuriam\u0105sias savybes. Naudojamas [&#8230;]\n","protected":false},"featured_media":330,"comment_status":"open","ping_status":"closed","template":"","meta":[],"product_brand":[],"product_cat":[61],"product_tag":[],"class_list":{"0":"post-301","1":"product","2":"type-product","3":"status-publish","4":"has-post-thumbnail","6":"product_cat-kosmetika","8":"first","9":"instock","10":"shipping-taxable","11":"purchasable","12":"product-type-simple"},"_links":{"self":[{"href":"https:\/\/duolifelietuva.com\/index.php?rest_route=\/wp\/v2\/product\/301","targetHints":{"allow":["GET"]}}],"collection":[{"href":"https:\/\/duolifelietuva.com\/index.php?rest_route=\/wp\/v2\/product"}],"about":[{"href":"https:\/\/duolifelietuva.com\/index.php?rest_route=\/wp\/v2\/types\/product"}],"replies":[{"embeddable":true,"href":"https:\/\/duolifelietuva.com\/index.php?rest_route=%2Fwp%2Fv2%2Fcomments&post=301"}],"wp:featuredmedia":[{"embeddable":true,"href":"https:\/\/duolifelietuva.com\/index.php?rest_route=\/wp\/v2\/media\/330"}],"wp:attachment":[{"href":"https:\/\/duolifelietuva.com\/index.php?rest_route=%2Fwp%2Fv2%2Fmedia&parent=301"}],"wp:term":[{"taxonomy":"product_brand","embeddable":true,"href":"https:\/\/duolifelietuva.com\/index.php?rest_route=%2Fwp%2Fv2%2Fproduct_brand&post=301"},{"taxonomy":"product_cat","embeddable":true,"href":"https:\/\/duolifelietuva.com\/index.php?rest_route=%2Fwp%2Fv2%2Fproduct_cat&post=301"},{"taxonomy":"product_tag","embeddable":true,"href":"https:\/\/duolifelietuva.com\/index.php?rest_route=%2Fwp%2Fv2%2Fproduct_tag&post=301"}],"curies":[{"name":"wp","href":"https:\/\/api.w.org\/{rel}","templated":true}]}}