{"id":303,"date":"2024-12-24T15:21:48","date_gmt":"2024-12-24T15:21:48","guid":{"rendered":"https:\/\/duolifelietuva.com\/?post_type=product&#038;p=303"},"modified":"2025-05-23T17:02:33","modified_gmt":"2025-05-23T17:02:33","slug":"collagen-face-peeling-2-in-1-50-ml","status":"publish","type":"product","link":"https:\/\/duolifelietuva.com\/?product=collagen-face-peeling-2-in-1-50-ml","title":{"rendered":"Collagen Face Peeling 2 in 1, 50 ml"},"content":{"rendered":"<p>Kolageno dviej\u0173 funkcij\u0173, t. y. fermentinio-mechaninio \u0161veitimo priemon\u0117 \u2013 tai pagrindinis j\u016bs\u0173 odos prie\u017ei\u016bros ritualo elementas, kuris valo, dr\u0117kina, \u0161viesina ir i\u0161lygina veido od\u0105. D\u0117l aktyvi\u0173 ingredient\u0173 \u0161veitiklis \u0161velniai ir efektyviai pa\u0161alina negyv\u0105 epiderm\u012f, suteikdamas odai spindin\u010di\u0105 i\u0161vaizd\u0105. Nat\u016bralumo indeksas sudaro net 92,3%.<\/p>\n<p>&#8211; I\u0161lygina od\u0105<br \/>\n&#8211; Suteikia \u0161varos jausm\u0105, u\u017etikrina \u0161veln\u0173 odos \u0161veitim\u0105<br \/>\n&#8211; Suteikia odai spindes\u012f<br \/>\n&#8211; Palieka od\u0105 \u0161viesesn\u0119<br \/>\n&#8211; Suteikia atnaujintos odos jausm\u0105<br \/>\n&#8211; Po naudojimo oda tampa \u0161velni ir lygi<br \/>\n&#8211; U\u017etikrina malon\u0173 masa\u017e\u0105<br \/>\n&#8211; Skatina atsipalaidavim\u0105<br \/>\n&#8211; Tinka jautriai ir normaliai odai<\/p>\n<p>**Peelmoist\u2122 Molecular Film kompleksas** turi papain\u0105, kuris \u0161velniai pa\u0161alina negyv\u0105 epiderm\u012f, taip pat NMF ingredientus, kurie akimirksniu pagerina odos dr\u0117kinim\u0105.<\/p>\n<p>J\u016brinis kolagenas padeda i\u0161saugoti odos elastingum\u0105 ir lygum\u0105 bei palaiko jos dr\u0117kinim\u0105.<\/p>\n<p>Sald\u017ei\u0173j\u0173 migdol\u0173, abrikos\u0173 ir graikini\u0173 rie\u0161ut\u0173 susmulkinti dalel\u0117s u\u017etikrina \u0161veln\u0173, ta\u010diau efektyv\u0173 smulkiagr\u016bd\u012f \u0161veitim\u0105, \u0161velniai masa\u017euodamos od\u0105.<\/p>\n<p>Alantoinas palaiko dr\u0117gm\u0117s lyg\u012f, mink\u0161tina ir ramina od\u0105.<\/p>\n<p>Melisos ekstraktas padeda i\u0161valyti od\u0105 ir apsaugo j\u0105 nuo laisv\u0173j\u0173 radikal\u0173.<\/p>\n<p>Aloe ekstraktas turi mink\u0161tinant\u012f ir raminant\u012f poveik\u012f.<\/p>\n<p>Kanolos aliejus ma\u017eina vandens praradim\u0105 per epiderm\u012f, maitina ir mink\u0161tina od\u0105.<\/p>\n<p>Babassu aliejus didina odos elastingum\u0105, kovoja su dr\u0117gm\u0117s praradimu ir stiprina jos lipid\u0173 barjer\u0105.<\/p>\n","protected":false},"excerpt":{"rendered":"<p>Kolageno dviej\u0173 funkcij\u0173, t. y. fermentinio-mechaninio \u0161veitimo priemon\u0117 \u2013 tai pagrindinis j\u016bs\u0173 odos prie\u017ei\u016bros ritualo elementas, kuris valo, dr\u0117kina, \u0161viesina ir i\u0161lygina veido od\u0105. D\u0117l aktyvi\u0173 ingredient\u0173 \u0161veitiklis \u0161velniai ir efektyviai pa\u0161alina negyv\u0105 epiderm\u012f, suteikdamas odai spindin\u010di\u0105 i\u0161vaizd\u0105. Nat\u016bralumo indeksas sudaro net 92,3%. &#8211; I\u0161lygina od\u0105 &#8211; Suteikia \u0161varos jausm\u0105, u\u017etikrina \u0161veln\u0173 odos \u0161veitim\u0105 &#8211; [&#8230;]\n","protected":false},"featured_media":332,"comment_status":"open","ping_status":"closed","template":"","meta":[],"product_brand":[],"product_cat":[61],"product_tag":[],"class_list":{"0":"post-303","1":"product","2":"type-product","3":"status-publish","4":"has-post-thumbnail","6":"product_cat-kosmetika","8":"first","9":"instock","10":"shipping-taxable","11":"purchasable","12":"product-type-simple"},"_links":{"self":[{"href":"https:\/\/duolifelietuva.com\/index.php?rest_route=\/wp\/v2\/product\/303","targetHints":{"allow":["GET"]}}],"collection":[{"href":"https:\/\/duolifelietuva.com\/index.php?rest_route=\/wp\/v2\/product"}],"about":[{"href":"https:\/\/duolifelietuva.com\/index.php?rest_route=\/wp\/v2\/types\/product"}],"replies":[{"embeddable":true,"href":"https:\/\/duolifelietuva.com\/index.php?rest_route=%2Fwp%2Fv2%2Fcomments&post=303"}],"wp:featuredmedia":[{"embeddable":true,"href":"https:\/\/duolifelietuva.com\/index.php?rest_route=\/wp\/v2\/media\/332"}],"wp:attachment":[{"href":"https:\/\/duolifelietuva.com\/index.php?rest_route=%2Fwp%2Fv2%2Fmedia&parent=303"}],"wp:term":[{"taxonomy":"product_brand","embeddable":true,"href":"https:\/\/duolifelietuva.com\/index.php?rest_route=%2Fwp%2Fv2%2Fproduct_brand&post=303"},{"taxonomy":"product_cat","embeddable":true,"href":"https:\/\/duolifelietuva.com\/index.php?rest_route=%2Fwp%2Fv2%2Fproduct_cat&post=303"},{"taxonomy":"product_tag","embeddable":true,"href":"https:\/\/duolifelietuva.com\/index.php?rest_route=%2Fwp%2Fv2%2Fproduct_tag&post=303"}],"curies":[{"name":"wp","href":"https:\/\/api.w.org\/{rel}","templated":true}]}}