{"id":318,"date":"2024-12-24T15:21:49","date_gmt":"2024-12-24T15:21:49","guid":{"rendered":"https:\/\/duolifelietuva.com\/?post_type=product&#038;p=318"},"modified":"2025-02-11T10:46:19","modified_gmt":"2025-02-11T10:46:19","slug":"pro-collagen-elixir-rose-30-ml","status":"publish","type":"product","link":"https:\/\/duolifelietuva.com\/?product=pro-collagen-elixir-rose-30-ml","title":{"rendered":"Pro Collagen Elixir Rose 30 ml"},"content":{"rendered":"<p>Pro Collagen Elixir Rose 30 ml \u2013 speciali jauninam\u0105j\u0105 formul\u0117 ir liftingo efekt\u0105 turinti formul\u0117, skirta naudoti po akimis, aplink l\u016bpas ir ant kaklo.<\/p>\n<p>**Advanced Collagen Composition**<br \/>\nPro Collagen Elixir Rose 30 ml sud\u0117tyje yra natyvaus kolageno hidratas \u2013 tai forma, kuri yra pana\u0161iausia \u012f kolagen\u0105, nat\u016braliai pasitaikant\u012f gamtoje. Natyvus kolagenas, esantis \u0161iame produkte, gaunamas i\u0161 baltosios storasnap\u0117s \u017euvies (Hypophthalmichthys molitrix) odos, naudojant specializuot\u0105 technolog\u0173 darb\u0105. D\u0117l to jis i\u0161laiko fiziologin\u0119 nat\u016brali\u0105 erdvin\u0119 strukt\u016br\u0105, pagr\u012fst\u0105 triple helix strukt\u016bra.<\/p>\n<p>**Collagen filler &amp; anti-wrinkle effect**<br \/>\nOda po akimis, aplink l\u016bpas ir ant kaklo yra labai jautri ir linkusi \u012f rauk\u0161li\u0173 atsiradim\u0105. B\u016btent \u0161iose zonose pirmieji pasirei\u0161kia sen\u0117jimo po\u017eymiai, tokie kaip \u201e\u017e\u0105sies p\u0117dos\u201c, mimikos rauk\u0161l\u0117s, elastingumo praradimas, paburkimas arba tams\u016bs ratilai po akimis, rauk\u0161l\u0117s aplink l\u016bpas ir skersin\u0117s linijos ant kaklo. Naudojant kolageno hidrat\u0105, i\u0161laikant\u012f aminor\u016bg\u0161\u010di\u0173 strukt\u016br\u0105 ir triple helix erdvin\u0119 strukt\u016br\u0105, oda tampa dr\u0117kinama, elastinga, rauk\u0161l\u0117s tampa ma\u017eiau pastebimos ir stimuliuojama kolageno gamyba. Tai efektyviai l\u0117tina odos sen\u0117jimo proces\u0105, gerina jos b\u016bkl\u0119 ir i\u0161vaizd\u0105. Be to, kolagenas turi savyb\u0119 sieti vanden\u012f, kas lemia teising\u0105 odos dr\u0117kinim\u0105.<\/p>\n<p>**Produktas nat\u016bralus net 98%.**<\/p>\n","protected":false},"excerpt":{"rendered":"<p>Pro Collagen Elixir Rose 30 ml \u2013 speciali jauninam\u0105j\u0105 formul\u0117 ir liftingo efekt\u0105 turinti formul\u0117, skirta naudoti po akimis, aplink l\u016bpas ir ant kaklo. **Advanced Collagen Composition** Pro Collagen Elixir Rose 30 ml sud\u0117tyje yra natyvaus kolageno hidratas \u2013 tai forma, kuri yra pana\u0161iausia \u012f kolagen\u0105, nat\u016braliai pasitaikant\u012f gamtoje. Natyvus kolagenas, esantis \u0161iame produkte, gaunamas [&#8230;]\n","protected":false},"featured_media":362,"comment_status":"open","ping_status":"closed","template":"","meta":[],"product_brand":[],"product_cat":[61],"product_tag":[],"class_list":{"0":"post-318","1":"product","2":"type-product","3":"status-publish","4":"has-post-thumbnail","6":"product_cat-kosmetika","8":"first","9":"instock","10":"sale","11":"shipping-taxable","12":"purchasable","13":"product-type-simple"},"_links":{"self":[{"href":"https:\/\/duolifelietuva.com\/index.php?rest_route=\/wp\/v2\/product\/318","targetHints":{"allow":["GET"]}}],"collection":[{"href":"https:\/\/duolifelietuva.com\/index.php?rest_route=\/wp\/v2\/product"}],"about":[{"href":"https:\/\/duolifelietuva.com\/index.php?rest_route=\/wp\/v2\/types\/product"}],"replies":[{"embeddable":true,"href":"https:\/\/duolifelietuva.com\/index.php?rest_route=%2Fwp%2Fv2%2Fcomments&post=318"}],"wp:featuredmedia":[{"embeddable":true,"href":"https:\/\/duolifelietuva.com\/index.php?rest_route=\/wp\/v2\/media\/362"}],"wp:attachment":[{"href":"https:\/\/duolifelietuva.com\/index.php?rest_route=%2Fwp%2Fv2%2Fmedia&parent=318"}],"wp:term":[{"taxonomy":"product_brand","embeddable":true,"href":"https:\/\/duolifelietuva.com\/index.php?rest_route=%2Fwp%2Fv2%2Fproduct_brand&post=318"},{"taxonomy":"product_cat","embeddable":true,"href":"https:\/\/duolifelietuva.com\/index.php?rest_route=%2Fwp%2Fv2%2Fproduct_cat&post=318"},{"taxonomy":"product_tag","embeddable":true,"href":"https:\/\/duolifelietuva.com\/index.php?rest_route=%2Fwp%2Fv2%2Fproduct_tag&post=318"}],"curies":[{"name":"wp","href":"https:\/\/api.w.org\/{rel}","templated":true}]}}