{"id":321,"date":"2024-12-24T15:21:49","date_gmt":"2024-12-24T15:21:49","guid":{"rendered":"https:\/\/duolifelietuva.com\/?post_type=product&#038;p=321"},"modified":"2025-05-23T08:19:27","modified_gmt":"2025-05-23T08:19:27","slug":"duolife-kudzu","status":"publish","type":"product","link":"https:\/\/duolifelietuva.com\/?product=duolife-kudzu","title":{"rendered":"DUOLIFE Kudzu"},"content":{"rendered":"<p>**DUOLIFE Kudzu** \u2013 tai biologi\u0161kai aktyvi maisto papild\u0173 priemon\u0117 i\u0161 **Pure Formula** linijos, turinti koncentruot\u0105 kudzu \u0161aknies ekstrakt\u0105. Ji \u012fd\u0117ta \u012f kapsules i\u0161 organin\u0117s celiulioz\u0117s kilm\u0117s (HPMC), turin\u010dias atid\u0117to i\u0161siskyrimo mechanizm\u0105. Kudzu, arba pu\u0117rija dantyta, auga Kinijoje, Japonijoje ir Kor\u0117joje. Kudzu \u0161aknis turi daug verting\u0173 aktyvi\u0173 jungini\u0173, i\u0161 kuri\u0173 galima i\u0161skirti tris pagrindinius flavonoidus \u2013 puerarino, daidzino ir daidzeino, taip pat genistein\u0105, formononetin\u0105, oninin\u0105, biohanin\u0105 A. \u0160i\u0173 ingredient\u0173 kiekis \u017ealiavoje, priklausomai nuo augalo kilm\u0117s, gali svyruoti nuo 2 iki 12%. Be auk\u0161\u010diau nurodyt\u0173 izoflavonoid\u0173, kudzu \u0161aknyje taip pat rasti: aglikonai, flavonoidiniai glikozidai (apigeninas, luteolinas, kvercetinas, rutinas, hiperozidas), fenolin\u0117s r\u016bg\u0161tys, saponinai, mineralai (kalcis, magnis, gele\u017eis, cinkas) ir septyniolika \u017emogaus organizmui b\u016btinas aminor\u016bg\u0161\u010di\u0173.<\/p>\n<p>Biologi\u0161kai aktyvioje papild\u0173 priemon\u0117je **DUOLIFE Kudzu** yra akacijos skaidul\u0173, kurios pagal sinergijos princip\u0105 pagerina pagrindinio ingrediento \u2013 kudzu \u2013 poveik\u012f.<\/p>\n","protected":false},"excerpt":{"rendered":"<p>**DUOLIFE Kudzu** \u2013 tai biologi\u0161kai aktyvi maisto papild\u0173 priemon\u0117 i\u0161 **Pure Formula** linijos, turinti koncentruot\u0105 kudzu \u0161aknies ekstrakt\u0105. Ji \u012fd\u0117ta \u012f kapsules i\u0161 organin\u0117s celiulioz\u0117s kilm\u0117s (HPMC), turin\u010dias atid\u0117to i\u0161siskyrimo mechanizm\u0105. Kudzu, arba pu\u0117rija dantyta, auga Kinijoje, Japonijoje ir Kor\u0117joje. Kudzu \u0161aknis turi daug verting\u0173 aktyvi\u0173 jungini\u0173, i\u0161 kuri\u0173 galima i\u0161skirti tris pagrindinius flavonoidus \u2013 [&#8230;]\n","protected":false},"featured_media":371,"comment_status":"open","ping_status":"closed","template":"","meta":[],"product_brand":[],"product_cat":[60],"product_tag":[],"class_list":{"0":"post-321","1":"product","2":"type-product","3":"status-publish","4":"has-post-thumbnail","6":"product_cat-naturalus-maisto-papildai","8":"first","9":"instock","10":"shipping-taxable","11":"purchasable","12":"product-type-simple"},"_links":{"self":[{"href":"https:\/\/duolifelietuva.com\/index.php?rest_route=\/wp\/v2\/product\/321","targetHints":{"allow":["GET"]}}],"collection":[{"href":"https:\/\/duolifelietuva.com\/index.php?rest_route=\/wp\/v2\/product"}],"about":[{"href":"https:\/\/duolifelietuva.com\/index.php?rest_route=\/wp\/v2\/types\/product"}],"replies":[{"embeddable":true,"href":"https:\/\/duolifelietuva.com\/index.php?rest_route=%2Fwp%2Fv2%2Fcomments&post=321"}],"wp:featuredmedia":[{"embeddable":true,"href":"https:\/\/duolifelietuva.com\/index.php?rest_route=\/wp\/v2\/media\/371"}],"wp:attachment":[{"href":"https:\/\/duolifelietuva.com\/index.php?rest_route=%2Fwp%2Fv2%2Fmedia&parent=321"}],"wp:term":[{"taxonomy":"product_brand","embeddable":true,"href":"https:\/\/duolifelietuva.com\/index.php?rest_route=%2Fwp%2Fv2%2Fproduct_brand&post=321"},{"taxonomy":"product_cat","embeddable":true,"href":"https:\/\/duolifelietuva.com\/index.php?rest_route=%2Fwp%2Fv2%2Fproduct_cat&post=321"},{"taxonomy":"product_tag","embeddable":true,"href":"https:\/\/duolifelietuva.com\/index.php?rest_route=%2Fwp%2Fv2%2Fproduct_tag&post=321"}],"curies":[{"name":"wp","href":"https:\/\/api.w.org\/{rel}","templated":true}]}}