{"id":322,"date":"2024-12-24T15:21:49","date_gmt":"2024-12-24T15:21:49","guid":{"rendered":"https:\/\/duolifelietuva.com\/?post_type=product&#038;p=322"},"modified":"2025-05-23T08:06:05","modified_gmt":"2025-05-23T08:06:05","slug":"duolife-berberine","status":"publish","type":"product","link":"https:\/\/duolifelietuva.com\/?product=duolife-berberine","title":{"rendered":"DUOLIFE Berberine"},"content":{"rendered":"<p>**DUOLIFE Berberine** \u2013 tai biologi\u0161kai aktyvi maisto papild\u0173 priemon\u0117 i\u0161 **Pure Formula** linijos, turinti koncentruot\u0105 berberino ekstrakt\u0105 i\u0161 barboriso \u0161aknies. Barborys padeda i\u0161laikyti tinkam\u0105 gliukoz\u0117s ir cholesterolio lyg\u012f kraujyje. **DUOLIFE Berberine** yra biologi\u0161kai aktyvus maisto papildas, kuriame yra berberinas i\u0161 barboriso \u0161aknies ekstrakto koncentruotoje doz\u0117je. Jis yra \u012fd\u0117tas \u012f kapsules i\u0161 organin\u0117s celiulioz\u0117s kilm\u0117s (HPMC), turin\u010dias atid\u0117to i\u0161siskyrimo mechanizm\u0105.<\/p>\n<p>**Barboriso \u0161aknies ekstraktas:**<\/p>\n<p>&#8211; padeda i\u0161laikyti tinkam\u0105 gliukoz\u0117s ir cholesterolio lyg\u012f kraujyje (ID 4363);<br \/>\n&#8211; palaiko optimal\u0173 cholesterolio lyg\u012f kraujyje (ID 3272);<br \/>\n&#8211; palaiko kepen\u0173 funkcij\u0105 (ID 3989).<\/p>\n<p>Berberinas padeda i\u0161laikyti triglicerid\u0173 lyg\u012f plazmoje optimal\u0173 (ID 1691).<\/p>\n","protected":false},"excerpt":{"rendered":"<p>**DUOLIFE Berberine** \u2013 tai biologi\u0161kai aktyvi maisto papild\u0173 priemon\u0117 i\u0161 **Pure Formula** linijos, turinti koncentruot\u0105 berberino ekstrakt\u0105 i\u0161 barboriso \u0161aknies. Barborys padeda i\u0161laikyti tinkam\u0105 gliukoz\u0117s ir cholesterolio lyg\u012f kraujyje. **DUOLIFE Berberine** yra biologi\u0161kai aktyvus maisto papildas, kuriame yra berberinas i\u0161 barboriso \u0161aknies ekstrakto koncentruotoje doz\u0117je. Jis yra \u012fd\u0117tas \u012f kapsules i\u0161 organin\u0117s celiulioz\u0117s kilm\u0117s (HPMC), [&#8230;]\n","protected":false},"featured_media":372,"comment_status":"open","ping_status":"closed","template":"","meta":[],"product_brand":[],"product_cat":[60],"product_tag":[],"class_list":{"0":"post-322","1":"product","2":"type-product","3":"status-publish","4":"has-post-thumbnail","6":"product_cat-naturalus-maisto-papildai","8":"first","9":"instock","10":"shipping-taxable","11":"purchasable","12":"product-type-simple"},"_links":{"self":[{"href":"https:\/\/duolifelietuva.com\/index.php?rest_route=\/wp\/v2\/product\/322","targetHints":{"allow":["GET"]}}],"collection":[{"href":"https:\/\/duolifelietuva.com\/index.php?rest_route=\/wp\/v2\/product"}],"about":[{"href":"https:\/\/duolifelietuva.com\/index.php?rest_route=\/wp\/v2\/types\/product"}],"replies":[{"embeddable":true,"href":"https:\/\/duolifelietuva.com\/index.php?rest_route=%2Fwp%2Fv2%2Fcomments&post=322"}],"wp:featuredmedia":[{"embeddable":true,"href":"https:\/\/duolifelietuva.com\/index.php?rest_route=\/wp\/v2\/media\/372"}],"wp:attachment":[{"href":"https:\/\/duolifelietuva.com\/index.php?rest_route=%2Fwp%2Fv2%2Fmedia&parent=322"}],"wp:term":[{"taxonomy":"product_brand","embeddable":true,"href":"https:\/\/duolifelietuva.com\/index.php?rest_route=%2Fwp%2Fv2%2Fproduct_brand&post=322"},{"taxonomy":"product_cat","embeddable":true,"href":"https:\/\/duolifelietuva.com\/index.php?rest_route=%2Fwp%2Fv2%2Fproduct_cat&post=322"},{"taxonomy":"product_tag","embeddable":true,"href":"https:\/\/duolifelietuva.com\/index.php?rest_route=%2Fwp%2Fv2%2Fproduct_tag&post=322"}],"curies":[{"name":"wp","href":"https:\/\/api.w.org\/{rel}","templated":true}]}}