{"id":345,"date":"2024-12-24T15:22:34","date_gmt":"2024-12-24T15:22:34","guid":{"rendered":"https:\/\/duolifelietuva.com\/?post_type=product&#038;p=345"},"modified":"2025-05-23T17:05:30","modified_gmt":"2025-05-23T17:05:30","slug":"pro-aloe-day-cream-50ml","status":"publish","type":"product","link":"https:\/\/duolifelietuva.com\/?product=pro-aloe-day-cream-50ml","title":{"rendered":"Pro Aloe Day Cream 50ml"},"content":{"rendered":"<p>Pro Aloe Day Cream 50 ml \u2013 intensyviai dr\u0117kinantis ir atkuriantis dieninis kremas<br \/>\n\ud83c\udf3f Efektyvi dienin\u0117 prie\u017ei\u016bra i\u0161 inovatyvios \u201ePro Aloe\u201c linijos, sukurtos vis\u0173 tip\u0173 odai, ypa\u010d toms, kurios reikalauja intensyvios regeneracijos, stiprinimo ir dr\u0117kinimo. \u0160ios kosmetikos priemon\u0117s, be verting\u0173 alavij\u0173 savybi\u0173, yra praturtintos aktyviais ingredientais, kurie veikia sinergeti\u0161kai su alavijais arba suteikia papildom\u0105 poveik\u012f, dar labiau sustiprinant\u012f j\u0173 naud\u0105 odai.<\/p>\n<p>\ud83d\udca7 Gryna alavij\u0173 j\u0117ga j\u016bs\u0173 odos apsaugai ir dr\u0117kinimui!<br \/>\n\ud83c\udf31 Augalin\u0117s kilm\u0117s kamienin\u0117s l\u0105stel\u0117s i\u0161 alavij\u0173<br \/>\n\ud83d\udee1 Prebiotikai<br \/>\n\ud83d\udca6 Hialurono r\u016bg\u0161tis<\/p>\n<p>\ud83d\udc99 Atkuria nat\u016bral\u0173 odos pH balans\u0105 ir u\u017etikrina dr\u0117kinim\u0105 vis\u0105 dien\u0105!<\/p>\n<p>\u2728 Pro Aloe Day Cream 50 ml poveikis:<br \/>\n\u2714 Dr\u0117kina ir maitina od\u0105<br \/>\n\u2714 U\u017etikrina elastingum\u0105 ir stangrum\u0105<br \/>\n\u2714 Stiprina apsaugin\u012f odos barjer\u0105<br \/>\n\u2714 Suteikia komforto jausm\u0105 ir nat\u016bral\u0173 spindes\u012f<\/p>\n<p>\ud83c\udf1e J\u016bs\u0173 oda spind\u0117s gro\u017eiu ir gaivumu kiekvien\u0105 dien\u0105!<\/p>\n","protected":false},"excerpt":{"rendered":"<p>Pro Aloe Day Cream 50 ml \u2013 intensyviai dr\u0117kinantis ir atkuriantis dieninis kremas \ud83c\udf3f Efektyvi dienin\u0117 prie\u017ei\u016bra i\u0161 inovatyvios \u201ePro Aloe\u201c linijos, sukurtos vis\u0173 tip\u0173 odai, ypa\u010d toms, kurios reikalauja intensyvios regeneracijos, stiprinimo ir dr\u0117kinimo. \u0160ios kosmetikos priemon\u0117s, be verting\u0173 alavij\u0173 savybi\u0173, yra praturtintos aktyviais ingredientais, kurie veikia sinergeti\u0161kai su alavijais arba suteikia papildom\u0105 poveik\u012f, [&#8230;]\n","protected":false},"featured_media":399,"comment_status":"open","ping_status":"closed","template":"","meta":[],"product_brand":[],"product_cat":[61],"product_tag":[],"class_list":{"0":"post-345","1":"product","2":"type-product","3":"status-publish","4":"has-post-thumbnail","6":"product_cat-kosmetika","8":"first","9":"instock","10":"shipping-taxable","11":"purchasable","12":"product-type-simple"},"_links":{"self":[{"href":"https:\/\/duolifelietuva.com\/index.php?rest_route=\/wp\/v2\/product\/345","targetHints":{"allow":["GET"]}}],"collection":[{"href":"https:\/\/duolifelietuva.com\/index.php?rest_route=\/wp\/v2\/product"}],"about":[{"href":"https:\/\/duolifelietuva.com\/index.php?rest_route=\/wp\/v2\/types\/product"}],"replies":[{"embeddable":true,"href":"https:\/\/duolifelietuva.com\/index.php?rest_route=%2Fwp%2Fv2%2Fcomments&post=345"}],"wp:featuredmedia":[{"embeddable":true,"href":"https:\/\/duolifelietuva.com\/index.php?rest_route=\/wp\/v2\/media\/399"}],"wp:attachment":[{"href":"https:\/\/duolifelietuva.com\/index.php?rest_route=%2Fwp%2Fv2%2Fmedia&parent=345"}],"wp:term":[{"taxonomy":"product_brand","embeddable":true,"href":"https:\/\/duolifelietuva.com\/index.php?rest_route=%2Fwp%2Fv2%2Fproduct_brand&post=345"},{"taxonomy":"product_cat","embeddable":true,"href":"https:\/\/duolifelietuva.com\/index.php?rest_route=%2Fwp%2Fv2%2Fproduct_cat&post=345"},{"taxonomy":"product_tag","embeddable":true,"href":"https:\/\/duolifelietuva.com\/index.php?rest_route=%2Fwp%2Fv2%2Fproduct_tag&post=345"}],"curies":[{"name":"wp","href":"https:\/\/api.w.org\/{rel}","templated":true}]}}