{"id":355,"date":"2024-12-24T15:22:54","date_gmt":"2024-12-24T15:22:54","guid":{"rendered":"https:\/\/duolifelietuva.com\/?post_type=product&#038;p=355"},"modified":"2025-05-23T17:21:11","modified_gmt":"2025-05-23T17:21:11","slug":"sunvital-natural-kids-formula","status":"publish","type":"product","link":"https:\/\/duolifelietuva.com\/?product=sunvital-natural-kids-formula","title":{"rendered":"SunVital\u00ae Natural KIDS Formula"},"content":{"rendered":"<p>**SunVital\u00ae** \u2013 tai biologinis aktyvus priedas skystos formos, kurio aktyv\u016bs ingredientai, pavyzd\u017eiui, padeda tinkamai veikti imuninei sistemai, palaiko nat\u016bralius apsauginius mechanizmus, ypa\u010d kv\u0117pavimo tak\u0173 lygyje, ir prisideda prie organizmo apsaugos nuo \u017ealingo i\u0161orini\u0173 veiksni\u0173 poveikio.<\/p>\n<p>**SunVital\u00ae** \u2013 tai produktas, kurio sud\u0117tyje yra kruop\u0161\u010diai atrinkt\u0173 nat\u016brali\u0173 komponent\u0173, kurie sudaro unikali\u0105 kompozicij\u0105 pagal sinergijos princip\u0105. Biologinis aktyvus priedas **SunVital\u00ae** \u2013 tai patentuota **SunVital\u00ae** formul\u0117, kurioje gausu cinko, gauto i\u0161 inaktyvuot\u0173 mieli\u0173 l\u0105steli\u0173 *Saccharomyces cerevisiae*, medaus, vaisi\u0173 sul\u010di\u0173 ir daugelio verting\u0173 augal\u0173 ekstrakt\u0173, \u012fskaitant \u017eali\u0105j\u012f propol\u012f, juod\u0173j\u0173 \u0161eivamed\u017ei\u0173 vaisius, acerolos vaisius ir \u010desnak\u0105.<\/p>\n<p>**SunVital\u00ae** sud\u0117tis: raudon\u0173j\u0173 vynuogi\u0173 sultys, gervuogi\u0173 sultys, juod\u0173j\u0173 \u0161eivamed\u017ei\u0173 vaisi\u0173 ekstraktas, er\u0161k\u0117tuogi\u0173 sultys, medus, acerolos vaisi\u0173 ekstraktas, patentuota **SunVital\u00ae** formul\u0117, gauta i\u0161 inaktyvuot\u0173 mieli\u0173 l\u0105steli\u0173 *Saccharomyces cerevisiae*, standartizuota pagal cinko kiek\u012f, \u017ealiajo propolio ekstraktas, moli\u016bg\u0173 s\u0117kl\u0173 ekstraktas, \u010desnako ekstraktas ir Andrographis paniculata (andrografo) lap\u0173 ekstraktas.<\/p>\n<p>&#8211; **\u010cesnakas** padeda tinkamai veikti imuninei sistemai. (ID 1990)<br \/>\n&#8211; **\u010cesnakas** turi antibakterini\u0173 savybi\u0173. (ID 3209)<br \/>\n&#8211; **Andrografis paniculata** palaiko nat\u016bralius apsauginius mechanizmus, ypa\u010d kv\u0117pavimo tak\u0173 lygyje. (ID 3955)<br \/>\n&#8211; **Andrografis paniculata** taip pat prisideda prie organizmo apsaugos nuo \u017ealing\u0173 i\u0161orini\u0173 veiksni\u0173. (ID 3220)<br \/>\n&#8211; **Andrografis paniculata** padeda palaikyti imunin\u0119 sistem\u0105. (ID 3727)<br \/>\n&#8211; **Andrografis paniculata** padeda nat\u016braliai palengvinti kv\u0117pavimo tak\u0173 problemas, tokias kaip kosulys ir gerkl\u0117s skausmas. (ID 3219)<br \/>\n&#8211; **Juodasis \u0161eivamedis** palaiko imunin\u0117s sistemos funkcijas. (ID 2134)<br \/>\n&#8211; **Cinkas** padeda tinkamai veikti imuninei sistemai.<br \/>\n&#8211; **Cinkas** padeda apsaugoti l\u0105steles nuo oksidacinio streso.<br \/>\n&#8211; **Cinkas** padeda i\u0161saugoti kaul\u0173 sveikat\u0105.<br \/>\n&#8211; **Cinkas** padeda i\u0161saugoti plauk\u0173, nag\u0173 ir odos sveikat\u0105.<br \/>\n&#8211; **Cinkas** padeda i\u0161saugoti reg\u0117jim\u0105.<br \/>\n&#8211; **Cinkas** padeda palaikyti normali\u0105 kognityvin\u0119 funkcij\u0105.<br \/>\n&#8211; **Cinkas** prisideda prie normalaus makroelement\u0173 metabolizmo.<br \/>\n&#8211; **Cinkas** prisideda prie normalaus riebal\u0173 r\u016bg\u0161\u010di\u0173 metabolizmo.<br \/>\n&#8211; **Cinkas** prisideda prie normalaus vitamino A metabolizmo.<br \/>\n&#8211; **Cinkas** padeda tinkamai sintetinant baltymus.<br \/>\n&#8211; **Cinkas** dalyvauja l\u0105steli\u0173 dalijimosi procese.<br \/>\n&#8211; **Vitaminas C** padeda tinkamai veikti imuninei sistemai.<br \/>\n&#8211; **Vitaminas C** padeda apsaugoti l\u0105steles nuo oksidacinio streso.<br \/>\n&#8211; **Vitaminas C** prisideda prie tinkamo nerv\u0173 sistemos veikimo.<br \/>\n&#8211; **Vitaminas C** padeda palaikyti normali\u0105 kognityvin\u0119 funkcij\u0105.<br \/>\n&#8211; **Vitaminas C** prisideda prie nuovargio ma\u017einimo.<br \/>\n&#8211; **Vitaminas C** prisideda prie tinkamo kolageno gamybos, u\u017etikrinant kraujagysli\u0173, kaul\u0173, kremzli\u0173, odos, dant\u0173 ir danten\u0173 veikl\u0105.<br \/>\n&#8211; **Vitaminas C** prisideda prie normalaus energetinio metabolizmo.<\/p>\n","protected":false},"excerpt":{"rendered":"<p>**SunVital\u00ae** \u2013 tai biologinis aktyvus priedas skystos formos, kurio aktyv\u016bs ingredientai, pavyzd\u017eiui, padeda tinkamai veikti imuninei sistemai, palaiko nat\u016bralius apsauginius mechanizmus, ypa\u010d kv\u0117pavimo tak\u0173 lygyje, ir prisideda prie organizmo apsaugos nuo \u017ealingo i\u0161orini\u0173 veiksni\u0173 poveikio. **SunVital\u00ae** \u2013 tai produktas, kurio sud\u0117tyje yra kruop\u0161\u010diai atrinkt\u0173 nat\u016brali\u0173 komponent\u0173, kurie sudaro unikali\u0105 kompozicij\u0105 pagal sinergijos princip\u0105. Biologinis aktyvus [&#8230;]\n","protected":false},"featured_media":411,"comment_status":"open","ping_status":"closed","template":"","meta":[],"product_brand":[],"product_cat":[60],"product_tag":[],"class_list":{"0":"post-355","1":"product","2":"type-product","3":"status-publish","4":"has-post-thumbnail","6":"product_cat-naturalus-maisto-papildai","8":"first","9":"instock","10":"shipping-taxable","11":"purchasable","12":"product-type-simple"},"_links":{"self":[{"href":"https:\/\/duolifelietuva.com\/index.php?rest_route=\/wp\/v2\/product\/355","targetHints":{"allow":["GET"]}}],"collection":[{"href":"https:\/\/duolifelietuva.com\/index.php?rest_route=\/wp\/v2\/product"}],"about":[{"href":"https:\/\/duolifelietuva.com\/index.php?rest_route=\/wp\/v2\/types\/product"}],"replies":[{"embeddable":true,"href":"https:\/\/duolifelietuva.com\/index.php?rest_route=%2Fwp%2Fv2%2Fcomments&post=355"}],"wp:featuredmedia":[{"embeddable":true,"href":"https:\/\/duolifelietuva.com\/index.php?rest_route=\/wp\/v2\/media\/411"}],"wp:attachment":[{"href":"https:\/\/duolifelietuva.com\/index.php?rest_route=%2Fwp%2Fv2%2Fmedia&parent=355"}],"wp:term":[{"taxonomy":"product_brand","embeddable":true,"href":"https:\/\/duolifelietuva.com\/index.php?rest_route=%2Fwp%2Fv2%2Fproduct_brand&post=355"},{"taxonomy":"product_cat","embeddable":true,"href":"https:\/\/duolifelietuva.com\/index.php?rest_route=%2Fwp%2Fv2%2Fproduct_cat&post=355"},{"taxonomy":"product_tag","embeddable":true,"href":"https:\/\/duolifelietuva.com\/index.php?rest_route=%2Fwp%2Fv2%2Fproduct_tag&post=355"}],"curies":[{"name":"wp","href":"https:\/\/api.w.org\/{rel}","templated":true}]}}