{"id":357,"date":"2024-12-24T15:22:54","date_gmt":"2024-12-24T15:22:54","guid":{"rendered":"https:\/\/duolifelietuva.com\/?post_type=product&#038;p=357"},"modified":"2025-02-10T19:05:06","modified_gmt":"2025-02-10T19:05:06","slug":"duolife-my-blood","status":"publish","type":"product","link":"https:\/\/duolifelietuva.com\/?product=duolife-my-blood","title":{"rendered":"DuoLife My Blood"},"content":{"rendered":"<p>**DUOLIFE My Blood** \u2013 tai biologinis aktyvus priedas skystos formos, pagr\u012fstas vitamin\u0173 ir mineral\u0173 kompleksu. Aktyv\u016bs ingredientai, esantys \u0161iame produkte, pavyzd\u017eiui, padeda i\u0161laikyti normali\u0105 raudon\u0173j\u0173 kraujo k\u016bneli\u0173 b\u016bkl\u0119, taip pat normal\u0173 eritrocit\u0173 ir hemoglobino gamyb\u0105, ir prisideda prie normalaus gele\u017eies metabolizmo palaikymo.<\/p>\n<p>**DUOLIFE My Blood** \u2013 tai skystas biologinis aktyvus priedas, kuriame yra vitamin\u0173, mineral\u0173 ir verting\u0173 vaisi\u0173 bei dar\u017eovi\u0173 ekstrakt\u0173 kompleksas, kuris sudaro unikali\u0105 sud\u0117t\u012f pagal sinergijos principus.<\/p>\n<p>**DUOLIFE My Blood** sud\u0117tis: burok\u0117li\u0173 \u0161akn\u0173 sultys, juod\u0173j\u0173 serbent\u0173 vaisi\u0173 sultys, raudon\u0173j\u0173 vynuogi\u0173 vaisi\u0173 sultys, acerolos vaisi\u0173 ekstraktas, \u0161pinat\u0173 lap\u0173 ekstraktas ir formul\u0117, kurioje yra vitamin\u0173 (A, D, E, C, B grup\u0117s vitaminai (B1, B2, B3, B6, B9, B12, B7, B5)) ir mineral\u0173 (gele\u017eis, cinkas, varis, manganas, selenas, molibdenas, jodas).<\/p>\n","protected":false},"excerpt":{"rendered":"<p>**DUOLIFE My Blood** \u2013 tai biologinis aktyvus priedas skystos formos, pagr\u012fstas vitamin\u0173 ir mineral\u0173 kompleksu. Aktyv\u016bs ingredientai, esantys \u0161iame produkte, pavyzd\u017eiui, padeda i\u0161laikyti normali\u0105 raudon\u0173j\u0173 kraujo k\u016bneli\u0173 b\u016bkl\u0119, taip pat normal\u0173 eritrocit\u0173 ir hemoglobino gamyb\u0105, ir prisideda prie normalaus gele\u017eies metabolizmo palaikymo. **DUOLIFE My Blood** \u2013 tai skystas biologinis aktyvus priedas, kuriame yra vitamin\u0173, mineral\u0173 [&#8230;]\n","protected":false},"featured_media":413,"comment_status":"open","ping_status":"closed","template":"","meta":[],"product_brand":[],"product_cat":[15],"product_tag":[],"class_list":{"0":"post-357","1":"product","2":"type-product","3":"status-publish","4":"has-post-thumbnail","6":"product_cat-uncategorized","8":"first","9":"instock","10":"sale","11":"shipping-taxable","12":"purchasable","13":"product-type-simple"},"_links":{"self":[{"href":"https:\/\/duolifelietuva.com\/index.php?rest_route=\/wp\/v2\/product\/357","targetHints":{"allow":["GET"]}}],"collection":[{"href":"https:\/\/duolifelietuva.com\/index.php?rest_route=\/wp\/v2\/product"}],"about":[{"href":"https:\/\/duolifelietuva.com\/index.php?rest_route=\/wp\/v2\/types\/product"}],"replies":[{"embeddable":true,"href":"https:\/\/duolifelietuva.com\/index.php?rest_route=%2Fwp%2Fv2%2Fcomments&post=357"}],"wp:featuredmedia":[{"embeddable":true,"href":"https:\/\/duolifelietuva.com\/index.php?rest_route=\/wp\/v2\/media\/413"}],"wp:attachment":[{"href":"https:\/\/duolifelietuva.com\/index.php?rest_route=%2Fwp%2Fv2%2Fmedia&parent=357"}],"wp:term":[{"taxonomy":"product_brand","embeddable":true,"href":"https:\/\/duolifelietuva.com\/index.php?rest_route=%2Fwp%2Fv2%2Fproduct_brand&post=357"},{"taxonomy":"product_cat","embeddable":true,"href":"https:\/\/duolifelietuva.com\/index.php?rest_route=%2Fwp%2Fv2%2Fproduct_cat&post=357"},{"taxonomy":"product_tag","embeddable":true,"href":"https:\/\/duolifelietuva.com\/index.php?rest_route=%2Fwp%2Fv2%2Fproduct_tag&post=357"}],"curies":[{"name":"wp","href":"https:\/\/api.w.org\/{rel}","templated":true}]}}