{"id":366,"date":"2024-12-24T15:23:17","date_gmt":"2024-12-24T15:23:17","guid":{"rendered":"https:\/\/duolifelietuva.com\/?post_type=product&#038;p=366"},"modified":"2025-05-23T17:27:44","modified_gmt":"2025-05-23T17:27:44","slug":"duolife-medical-formula-procardiol","status":"publish","type":"product","link":"https:\/\/duolifelietuva.com\/?product=duolife-medical-formula-procardiol","title":{"rendered":"DuoLife Medical Formula ProCardiol\u00ae"},"content":{"rendered":"<p>**ProCardiol\u00ae** \u2013 tai biologinis aktyvus priedas kapsuli\u0173 forma, sudarytas i\u0161 kruop\u0161\u010diai atrinkt\u0173 nat\u016bralios kilm\u0117s ingredient\u0173, kurie, be kita ko, palaiko \u0161irdies ir kraujagysli\u0173 sistemos funkcij\u0105, gerina kraujo cirkuliacij\u0105 mikrokr\u016bvose, kas gali pad\u0117ti suma\u017einti sunkumo poj\u016bt\u012f kojose ir palaiko organizmo gyvybingum\u0105.<\/p>\n<p>**ProCardiol\u00ae** \u2013 tai produktas, sukurtas i\u0161 kruop\u0161\u010diai atrinkt\u0173 nat\u016brali\u0173 ingredient\u0173, kurie sukuria unikali\u0105 kompozicij\u0105 pagal sinergijos princip\u0105. Biologinis aktyvus priedas **ProCardiol\u00ae** \u2013 tai autorin\u0117 **ProCardiol\u00ae** formul\u0117, gauta i\u0161 saus\u0173 vaisi\u0173 ir dar\u017eovi\u0173 ekstrakt\u0173 mi\u0161inio, er\u0161k\u0117tuogi\u0173 vaisi\u0173 ekstrakto, hibisko \u017eied\u0173 ekstrakto, vaistin\u0117s valerijono \u017eol\u0117s ekstrakto ir daugelio kit\u0173 verting\u0173 augalini\u0173 ingredient\u0173.<\/p>\n<p>**ProCardiol\u00ae** sud\u0117tis: er\u0161k\u0117tuogi\u0173 vaisi\u0173 ekstraktas, hibisko \u017eied\u0173 ekstraktas, raudon\u0173j\u0173 vynuogi\u0173 \u017eiev\u0117s ekstraktas, granat\u0173 vaisi\u0173 ekstraktas, autorin\u0117 **ProCardiol\u00ae** formul\u0117, gauta i\u0161 saus\u0173 vaisi\u0173 ir dar\u017eovi\u0173 ekstrakt\u0173 mi\u0161inio, juod\u0173j\u0173 serbent\u0173 vaisi\u0173 ekstraktas, vaistin\u0117s valerijono \u017eol\u0117s ekstraktas, Baikalini\u0173 \u0161lemnik\u0173 ekstraktas.<\/p>\n<p>&#8211; **Vaistin\u0117s valerijono \u017eol\u0117** palaiko \u0161irdies ir kraujagysli\u0173 sistemos funkcij\u0105. (ID 4428)<br \/>\n&#8211; **Hibiskas** padeda kraujo cirkuliacijai mikrokr\u016bvose ir ma\u017eina sunkumo poj\u016bt\u012f kojose. (ID 2269)<br \/>\n&#8211; **Hibiskas** palaiko organizmo gyvybingum\u0105. (ID 3392)<br \/>\n&#8211; Vaistin\u0117s valerijono \u017eol\u0117 padeda palaikyti komfort\u0105 iki ir per menstruacin\u012f cikl\u0105. (ID 2288)<br \/>\n&#8211; **Artichokas** palaiko \u0161irdies funkcij\u0105 ir padeda palaikyti normal\u0173 lipid\u0173 kiek\u012f kraujyje. (ID 3702)<br \/>\n&#8211; Artichoko lap\u0173 ekstraktas padeda kontroliuoti svor\u012f. (ID 4395)<\/p>\n","protected":false},"excerpt":{"rendered":"<p>**ProCardiol\u00ae** \u2013 tai biologinis aktyvus priedas kapsuli\u0173 forma, sudarytas i\u0161 kruop\u0161\u010diai atrinkt\u0173 nat\u016bralios kilm\u0117s ingredient\u0173, kurie, be kita ko, palaiko \u0161irdies ir kraujagysli\u0173 sistemos funkcij\u0105, gerina kraujo cirkuliacij\u0105 mikrokr\u016bvose, kas gali pad\u0117ti suma\u017einti sunkumo poj\u016bt\u012f kojose ir palaiko organizmo gyvybingum\u0105. **ProCardiol\u00ae** \u2013 tai produktas, sukurtas i\u0161 kruop\u0161\u010diai atrinkt\u0173 nat\u016brali\u0173 ingredient\u0173, kurie sukuria unikali\u0105 kompozicij\u0105 pagal [&#8230;]\n","protected":false},"featured_media":416,"comment_status":"open","ping_status":"closed","template":"","meta":[],"product_brand":[],"product_cat":[60],"product_tag":[],"class_list":{"0":"post-366","1":"product","2":"type-product","3":"status-publish","4":"has-post-thumbnail","6":"product_cat-naturalus-maisto-papildai","8":"first","9":"instock","10":"shipping-taxable","11":"purchasable","12":"product-type-simple"},"_links":{"self":[{"href":"https:\/\/duolifelietuva.com\/index.php?rest_route=\/wp\/v2\/product\/366","targetHints":{"allow":["GET"]}}],"collection":[{"href":"https:\/\/duolifelietuva.com\/index.php?rest_route=\/wp\/v2\/product"}],"about":[{"href":"https:\/\/duolifelietuva.com\/index.php?rest_route=\/wp\/v2\/types\/product"}],"replies":[{"embeddable":true,"href":"https:\/\/duolifelietuva.com\/index.php?rest_route=%2Fwp%2Fv2%2Fcomments&post=366"}],"wp:featuredmedia":[{"embeddable":true,"href":"https:\/\/duolifelietuva.com\/index.php?rest_route=\/wp\/v2\/media\/416"}],"wp:attachment":[{"href":"https:\/\/duolifelietuva.com\/index.php?rest_route=%2Fwp%2Fv2%2Fmedia&parent=366"}],"wp:term":[{"taxonomy":"product_brand","embeddable":true,"href":"https:\/\/duolifelietuva.com\/index.php?rest_route=%2Fwp%2Fv2%2Fproduct_brand&post=366"},{"taxonomy":"product_cat","embeddable":true,"href":"https:\/\/duolifelietuva.com\/index.php?rest_route=%2Fwp%2Fv2%2Fproduct_cat&post=366"},{"taxonomy":"product_tag","embeddable":true,"href":"https:\/\/duolifelietuva.com\/index.php?rest_route=%2Fwp%2Fv2%2Fproduct_tag&post=366"}],"curies":[{"name":"wp","href":"https:\/\/api.w.org\/{rel}","templated":true}]}}