{"id":367,"date":"2024-12-24T15:23:17","date_gmt":"2024-12-24T15:23:17","guid":{"rendered":"https:\/\/duolifelietuva.com\/?post_type=product&#038;p=367"},"modified":"2025-05-23T17:21:52","modified_gmt":"2025-05-23T17:21:52","slug":"duolife-medical-formula-proselect","status":"publish","type":"product","link":"https:\/\/duolifelietuva.com\/?product=duolife-medical-formula-proselect","title":{"rendered":"DuoLife Medical Formula ProSelect\u00ae"},"content":{"rendered":"<p>**ProSelect\u00ae** \u2013 tai biologinis aktyvus priedas kapsuli\u0173 forma, sudarytas i\u0161 kruop\u0161\u010diai atrinkt\u0173 nat\u016bralios kilm\u0117s ingredient\u0173, kurie, be kita ko, padeda palaikyti nat\u016brali\u0105 imunin\u0119 apsaug\u0105, palaiko kepen\u0173 sveikat\u0105 ir turi antioksidacin\u012f poveik\u012f, u\u017etikrindami l\u0105steli\u0173 membran\u0173 apsaug\u0105 nuo laisv\u0173j\u0173 radikal\u0173 destruktyvaus poveikio.<\/p>\n<p>**ProSelect\u00ae** \u2013 tai produktas, sukurtas i\u0161 kruop\u0161\u010diai atrinkt\u0173 nat\u016brali\u0173 ingredient\u0173, kurie sukuria unikali\u0105 kompozicij\u0105 pagal sinergijos princip\u0105. Naudojami ingredientai taip pat pateikiami kaip \u017ealiava, kurioje normuojama veikli\u0173j\u0173 med\u017eiag\u0173 koncentracija. D\u0117l to biologinio aktyvumo priedo sud\u0117tis grie\u017etai apibr\u0117\u017eta ir garantuota.<\/p>\n<p>**ProSelect\u00ae** sud\u0117tis: unkarijos stiebo ekstraktas, graviolos vaisi\u0173 milteliai, autorin\u0117 **ProSelect\u00ae** formul\u0117, gauta i\u0161 saus\u0173 vaisi\u0173, dar\u017eovi\u0173 ir \u017eoleli\u0173 ekstrakt\u0173 mi\u0161inio, gryb\u0173 reishi ekstraktas, \u0161iitaki gryb\u0173 vaisi\u0173 ekstraktas ir abrikos\u0173 kauliuk\u0173 ekstraktas, su normuojama amigdalino koncentracija.<\/p>\n<p>&#8211; **Reishi gryb\u0173 ekstraktas** palaiko nat\u016brali\u0105 organizmo imunin\u0119 apsaug\u0105. (ID 3764)<br \/>\n&#8211; **\u010cesnakas** padeda palaikyti kepen\u0173 sveikat\u0105. (ID 1994)<br \/>\n&#8211; **Vynuogi\u0173 kauliuk\u0173 ekstraktas** turi antioksidacin\u012f aktyvum\u0105, u\u017etikrindamas l\u0105steli\u0173 membran\u0173 apsaug\u0105 nuo laisv\u0173j\u0173 radikal\u0173 destruktyvaus poveikio. (ID 4721)<br \/>\n&#8211; **Unkarijos stiebo ekstraktas** palaiko normali\u0105 imunin\u0117s sistemos funkcij\u0105. (ID 3891)<\/p>\n","protected":false},"excerpt":{"rendered":"<p>**ProSelect\u00ae** \u2013 tai biologinis aktyvus priedas kapsuli\u0173 forma, sudarytas i\u0161 kruop\u0161\u010diai atrinkt\u0173 nat\u016bralios kilm\u0117s ingredient\u0173, kurie, be kita ko, padeda palaikyti nat\u016brali\u0105 imunin\u0119 apsaug\u0105, palaiko kepen\u0173 sveikat\u0105 ir turi antioksidacin\u012f poveik\u012f, u\u017etikrindami l\u0105steli\u0173 membran\u0173 apsaug\u0105 nuo laisv\u0173j\u0173 radikal\u0173 destruktyvaus poveikio. **ProSelect\u00ae** \u2013 tai produktas, sukurtas i\u0161 kruop\u0161\u010diai atrinkt\u0173 nat\u016brali\u0173 ingredient\u0173, kurie sukuria unikali\u0105 kompozicij\u0105 pagal [&#8230;]\n","protected":false},"featured_media":417,"comment_status":"open","ping_status":"closed","template":"","meta":[],"product_brand":[],"product_cat":[60],"product_tag":[],"class_list":{"0":"post-367","1":"product","2":"type-product","3":"status-publish","4":"has-post-thumbnail","6":"product_cat-naturalus-maisto-papildai","8":"first","9":"instock","10":"shipping-taxable","11":"purchasable","12":"product-type-simple"},"_links":{"self":[{"href":"https:\/\/duolifelietuva.com\/index.php?rest_route=\/wp\/v2\/product\/367","targetHints":{"allow":["GET"]}}],"collection":[{"href":"https:\/\/duolifelietuva.com\/index.php?rest_route=\/wp\/v2\/product"}],"about":[{"href":"https:\/\/duolifelietuva.com\/index.php?rest_route=\/wp\/v2\/types\/product"}],"replies":[{"embeddable":true,"href":"https:\/\/duolifelietuva.com\/index.php?rest_route=%2Fwp%2Fv2%2Fcomments&post=367"}],"wp:featuredmedia":[{"embeddable":true,"href":"https:\/\/duolifelietuva.com\/index.php?rest_route=\/wp\/v2\/media\/417"}],"wp:attachment":[{"href":"https:\/\/duolifelietuva.com\/index.php?rest_route=%2Fwp%2Fv2%2Fmedia&parent=367"}],"wp:term":[{"taxonomy":"product_brand","embeddable":true,"href":"https:\/\/duolifelietuva.com\/index.php?rest_route=%2Fwp%2Fv2%2Fproduct_brand&post=367"},{"taxonomy":"product_cat","embeddable":true,"href":"https:\/\/duolifelietuva.com\/index.php?rest_route=%2Fwp%2Fv2%2Fproduct_cat&post=367"},{"taxonomy":"product_tag","embeddable":true,"href":"https:\/\/duolifelietuva.com\/index.php?rest_route=%2Fwp%2Fv2%2Fproduct_tag&post=367"}],"curies":[{"name":"wp","href":"https:\/\/api.w.org\/{rel}","templated":true}]}}