{"id":369,"date":"2024-12-24T15:23:17","date_gmt":"2024-12-24T15:23:17","guid":{"rendered":"https:\/\/duolifelietuva.com\/?post_type=product&#038;p=369"},"modified":"2025-05-23T17:28:27","modified_gmt":"2025-05-23T17:28:27","slug":"duolife-medical-formula-proslimer","status":"publish","type":"product","link":"https:\/\/duolifelietuva.com\/?product=duolife-medical-formula-proslimer","title":{"rendered":"DuoLife Medical Formula ProSlimer\u00ae"},"content":{"rendered":"<p>**ProSlimer\u00ae** \u2013 tai biologinis aktyvus priedas kapsuli\u0173 forma, sukurtas i\u0161 kruop\u0161\u010diai atrinkt\u0173 nat\u016bralios kilm\u0117s ingredient\u0173, kurie padeda kontroliuoti svor\u012f, prisideda prie riebal\u0173 kaupimosi ma\u017einimo ir ma\u017eina apetit\u0105. Be to, jie palaiko vir\u0161kinimo sistemos darb\u0105 ir u\u017etikrina vir\u0161kinimo komfort\u0105. **ProSlimer\u00ae** \u2013 tai produktas, sudarytas i\u0161 kruop\u0161\u010diai atrinkt\u0173 nat\u016brali\u0173 ingredient\u0173, kurie sukuria unikali\u0105 kompozicij\u0105 pagal sinergijos princip\u0105. **ProSlimer\u00ae** \u2013 tai patentuota **BioSlimer\u00ae** formul\u0117, gauta i\u0161 citrusini\u0173 vaisi\u0173 ir guaranos, taip pat daugyb\u0117 verting\u0173 augalini\u0173 ekstrakt\u0173.<\/p>\n<p>**ProSlimer\u00ae** sud\u0117tis: Garcinia cambogia ekstraktas, Acai uog\u0173 ekstraktas, Goji uog\u0173 ekstraktas, jauno mie\u017eio ekstraktas, \u017ealiojo kavos ekstraktas, **BioSlimer\u00ae** \u2013 patentuota formul\u0117, gauta i\u0161 citrusini\u0173 vaisi\u0173 ir guaranos, taip pat Centella Asiatica ekstraktas.<\/p>\n<p>&#8211; **Garcinia Cambogia** padeda kontroliuoti svor\u012f. Prisideda prie riebal\u0173 kaupimosi ma\u017einimo ir ma\u017eina perteklin\u012f apetit\u0105. (ID 2057)<br \/>\n&#8211; **Guaranos s\u0117klos** padeda kontroliuoti k\u016bno mas\u0119 ir riebal\u0173 metabolizm\u0105. (ID 2707)<br \/>\n&#8211; **Centella Asiatica** prisideda prie tinkamo kraujotakos darbo. (ID 2519)<br \/>\n&#8211; **Centella Asiatica** gerina vir\u0161kinimo sistemos darb\u0105. Palaiko vir\u0161kinimo komfort\u0105. (ID 2520)<\/p>\n","protected":false},"excerpt":{"rendered":"<p>**ProSlimer\u00ae** \u2013 tai biologinis aktyvus priedas kapsuli\u0173 forma, sukurtas i\u0161 kruop\u0161\u010diai atrinkt\u0173 nat\u016bralios kilm\u0117s ingredient\u0173, kurie padeda kontroliuoti svor\u012f, prisideda prie riebal\u0173 kaupimosi ma\u017einimo ir ma\u017eina apetit\u0105. Be to, jie palaiko vir\u0161kinimo sistemos darb\u0105 ir u\u017etikrina vir\u0161kinimo komfort\u0105. **ProSlimer\u00ae** \u2013 tai produktas, sudarytas i\u0161 kruop\u0161\u010diai atrinkt\u0173 nat\u016brali\u0173 ingredient\u0173, kurie sukuria unikali\u0105 kompozicij\u0105 pagal sinergijos princip\u0105. [&#8230;]\n","protected":false},"featured_media":424,"comment_status":"open","ping_status":"closed","template":"","meta":[],"product_brand":[],"product_cat":[60],"product_tag":[],"class_list":{"0":"post-369","1":"product","2":"type-product","3":"status-publish","4":"has-post-thumbnail","6":"product_cat-naturalus-maisto-papildai","8":"first","9":"instock","10":"shipping-taxable","11":"purchasable","12":"product-type-simple"},"_links":{"self":[{"href":"https:\/\/duolifelietuva.com\/index.php?rest_route=\/wp\/v2\/product\/369","targetHints":{"allow":["GET"]}}],"collection":[{"href":"https:\/\/duolifelietuva.com\/index.php?rest_route=\/wp\/v2\/product"}],"about":[{"href":"https:\/\/duolifelietuva.com\/index.php?rest_route=\/wp\/v2\/types\/product"}],"replies":[{"embeddable":true,"href":"https:\/\/duolifelietuva.com\/index.php?rest_route=%2Fwp%2Fv2%2Fcomments&post=369"}],"wp:featuredmedia":[{"embeddable":true,"href":"https:\/\/duolifelietuva.com\/index.php?rest_route=\/wp\/v2\/media\/424"}],"wp:attachment":[{"href":"https:\/\/duolifelietuva.com\/index.php?rest_route=%2Fwp%2Fv2%2Fmedia&parent=369"}],"wp:term":[{"taxonomy":"product_brand","embeddable":true,"href":"https:\/\/duolifelietuva.com\/index.php?rest_route=%2Fwp%2Fv2%2Fproduct_brand&post=369"},{"taxonomy":"product_cat","embeddable":true,"href":"https:\/\/duolifelietuva.com\/index.php?rest_route=%2Fwp%2Fv2%2Fproduct_cat&post=369"},{"taxonomy":"product_tag","embeddable":true,"href":"https:\/\/duolifelietuva.com\/index.php?rest_route=%2Fwp%2Fv2%2Fproduct_tag&post=369"}],"curies":[{"name":"wp","href":"https:\/\/api.w.org\/{rel}","templated":true}]}}