{"id":387,"date":"2024-12-24T15:24:02","date_gmt":"2024-12-24T15:24:02","guid":{"rendered":"https:\/\/duolifelietuva.com\/?post_type=product&#038;p=387"},"modified":"2025-05-23T17:13:38","modified_gmt":"2025-05-23T17:13:38","slug":"keratin-hair-complex-shampoo-200-ml","status":"publish","type":"product","link":"https:\/\/duolifelietuva.com\/?product=keratin-hair-complex-shampoo-200-ml","title":{"rendered":"Keratin Hair Complex Shampoo 200 ml"},"content":{"rendered":"<p>**Keratin Hair Complex Shampoo** \u2013 tai kosmetika, skirta plaukams, linkusiems \u012f slinkim\u0105, sausiems, pa\u017eeistiems, su \u0161akut\u0117mis galiukais ir be blizgesio. \u0160amp\u016bnas intensyviai maitina net silpnus, linkusius slinkti plaukus, dr\u0117kina juos, gerina elastingum\u0105 ir tvirtum\u0105, didina plauk\u0173 atsparum\u0105 l\u016b\u017ein\u0117jimui. <\/p>\n<p>Unikali 6 aktyvi\u0173 med\u017eiag\u0173 kombinacija \u2013 tai \u017eirni\u0173 daig\u0173 ekstraktas, dilg\u0117li\u0173 lap\u0173 ekstraktas, hidrolizuotas keratinas, centel\u0117s azijieti\u0161kos ekstraktas, m\u0117lyni\u0173 ekstraktas ir \u0161lapalas \u2013 leid\u017eia pasiekti auk\u0161\u010diausi\u0105 lyg\u012f plauk\u0173 prie\u017ei\u016broje.<\/p>\n<p>**Pro Keratin Hair Complex Shampoo** \u2013 tai ekspert\u0173 rekomendacija plaukams, linkusiems \u012f slinkim\u0105, sausiems ir pa\u017eeistiems plaukams su \u0161akut\u0117mis galiukais ir be blizgesio. <\/p>\n<p>**Eliksyras**, kuriame yra 6 aktyv\u016bs komponentai \u2013 \u017eirni\u0173 daig\u0173 ekstraktas, dilg\u0117li\u0173 lap\u0173 ekstraktas, hidrolizuotas keratinas, centel\u0117s azijieti\u0161kos ekstraktas, m\u0117lyni\u0173 ekstraktas ir \u0161lapalas, suteikia intensyvi\u0105 prie\u017ei\u016br\u0105 J\u016bs\u0173 plaukams.<\/p>\n<p>**Pro Keratin Hair Complex** \u2013 tai produktai plaukams:<\/p>\n<p>&#8211; su slinkimu<br \/>\n&#8211; sausiems<br \/>\n&#8211; pa\u017eeistiems<br \/>\n&#8211; su \u0161akut\u0117mis galiukais<br \/>\n&#8211; be blizgesio<\/p>\n","protected":false},"excerpt":{"rendered":"<p>**Keratin Hair Complex Shampoo** \u2013 tai kosmetika, skirta plaukams, linkusiems \u012f slinkim\u0105, sausiems, pa\u017eeistiems, su \u0161akut\u0117mis galiukais ir be blizgesio. \u0160amp\u016bnas intensyviai maitina net silpnus, linkusius slinkti plaukus, dr\u0117kina juos, gerina elastingum\u0105 ir tvirtum\u0105, didina plauk\u0173 atsparum\u0105 l\u016b\u017ein\u0117jimui. Unikali 6 aktyvi\u0173 med\u017eiag\u0173 kombinacija \u2013 tai \u017eirni\u0173 daig\u0173 ekstraktas, dilg\u0117li\u0173 lap\u0173 ekstraktas, hidrolizuotas keratinas, centel\u0117s azijieti\u0161kos [&#8230;]\n","protected":false},"featured_media":433,"comment_status":"open","ping_status":"closed","template":"","meta":[],"product_brand":[],"product_cat":[61],"product_tag":[],"class_list":{"0":"post-387","1":"product","2":"type-product","3":"status-publish","4":"has-post-thumbnail","6":"product_cat-kosmetika","8":"first","9":"instock","10":"shipping-taxable","11":"purchasable","12":"product-type-simple"},"_links":{"self":[{"href":"https:\/\/duolifelietuva.com\/index.php?rest_route=\/wp\/v2\/product\/387","targetHints":{"allow":["GET"]}}],"collection":[{"href":"https:\/\/duolifelietuva.com\/index.php?rest_route=\/wp\/v2\/product"}],"about":[{"href":"https:\/\/duolifelietuva.com\/index.php?rest_route=\/wp\/v2\/types\/product"}],"replies":[{"embeddable":true,"href":"https:\/\/duolifelietuva.com\/index.php?rest_route=%2Fwp%2Fv2%2Fcomments&post=387"}],"wp:featuredmedia":[{"embeddable":true,"href":"https:\/\/duolifelietuva.com\/index.php?rest_route=\/wp\/v2\/media\/433"}],"wp:attachment":[{"href":"https:\/\/duolifelietuva.com\/index.php?rest_route=%2Fwp%2Fv2%2Fmedia&parent=387"}],"wp:term":[{"taxonomy":"product_brand","embeddable":true,"href":"https:\/\/duolifelietuva.com\/index.php?rest_route=%2Fwp%2Fv2%2Fproduct_brand&post=387"},{"taxonomy":"product_cat","embeddable":true,"href":"https:\/\/duolifelietuva.com\/index.php?rest_route=%2Fwp%2Fv2%2Fproduct_cat&post=387"},{"taxonomy":"product_tag","embeddable":true,"href":"https:\/\/duolifelietuva.com\/index.php?rest_route=%2Fwp%2Fv2%2Fproduct_tag&post=387"}],"curies":[{"name":"wp","href":"https:\/\/api.w.org\/{rel}","templated":true}]}}