{"id":392,"date":"2024-12-24T15:24:24","date_gmt":"2024-12-24T15:24:24","guid":{"rendered":"https:\/\/duolifelietuva.com\/?post_type=product&#038;p=392"},"modified":"2026-02-14T23:06:56","modified_gmt":"2026-02-14T23:06:56","slug":"duolife-keratin-hair-complex","status":"publish","type":"product","link":"https:\/\/duolifelietuva.com\/?product=duolife-keratin-hair-complex","title":{"rendered":"DuoLife Keratin Hair Complex"},"content":{"rendered":"<p>**Minimalus tinkamumo laikas: 19.06.2025**<br \/>\n**DUOLIFE Keratin Hair Complex**<br \/>\n*Skystos formos maisto papildas, kurio aktyv\u016bs ingredientai padeda i\u0161laikyti plaukus, nagus ir od\u0105 optimalios b\u016bkl\u0117s\u00b9, prisideda prie odos valymo\u00b2 ir padeda apsaugoti l\u0105steles nuo oksidacinio streso\u00b3.* <\/p>\n<p>**DUOLIFE Keratin Hair Complex** \u2013 tai skystos formos maisto papildas, sudarytas i\u0161 kruop\u0161\u010diai atrinkt\u0173 nat\u016bralios kilm\u0117s ingredient\u0173, kurie sudaro unikali\u0105, sinergijos principais paremt\u0105 formul\u0119.  <\/p>\n<p>\u0160is produktas \u2013 tai vaisi\u0173 sul\u010di\u0173, juod\u0173j\u0173 ry\u017ei\u0173 ir opuncijos \u017eied\u0173 ekstrakto, tirpaus keratino, ekologi\u0161k\u0173 \u017eirni\u0173 \u016bgli\u0173 ekstrakto bei daugelio kit\u0173 verting\u0173 augalini\u0173 ekstrakt\u0173 derinys, sukurtas siekiant puosel\u0117ti plaukus, nagus ir od\u0105.  <\/p>\n<p> **Sudedamosios dalys**<br \/>\n&#8211; Gvajavos vaisi\u0173 tyr\u0117<br \/>\n&#8211; Avie\u010di\u0173 sultys<br \/>\n&#8211; Juod\u0173j\u0173 ry\u017ei\u0173 ir opuncijos \u017eied\u0173 ekstrakto formul\u0117<br \/>\n&#8211; Indinio lapainio (amlos) vaisi\u0173 ekstraktas<br \/>\n&#8211; Ekologi\u0161k\u0173 \u017eirni\u0173 \u016bgli\u0173 ekstraktas<br \/>\n&#8211; Tirpus keratinas<br \/>\n&#8211; Did\u017eiosios dilg\u0117l\u0117s lap\u0173 ekstraktas<br \/>\n&#8211; Vynuogi\u0173 kauliuk\u0173 ekstraktas<br \/>\n&#8211; Dirvinio asi\u016bklio \u017eol\u0117s ekstraktas  <\/p>\n<p> **Naudingos savyb\u0117s**<br \/>\n\u2714 **Plauk\u0173, nag\u0173 ir odos sveikata** \u2013 **dirvinio asi\u016bklio** sud\u0117tyje esantis silicis padeda palaikyti plauk\u0173, nag\u0173 ir odos b\u016bkl\u0119\u00b9.<br \/>\n\u2714 **Odos valymas** \u2013 **dilg\u0117l\u0117s** ekstraktas prisideda prie odos valymo\u00b2.<br \/>\n\u2714 **Apsauga nuo oksidacinio streso** \u2013 **vitaminas C** padeda apsaugoti l\u0105steles nuo oksidacinio streso\u00b3.<br \/>\n\u2714 **Bendras organizmo palaikymas** \u2013 dilg\u0117l\u0117je esantys mineralai padeda i\u0161laikyti plauk\u0173, nag\u0173 ir kaul\u0173 sveikat\u0105\u2074.<br \/>\n\u2714 **Kraujo apytakos palaikymas** \u2013 **vynuogi\u0173 kauliuk\u0173** ekstraktas palaiko ven\u0173 kraujotak\u0105 ir apsaugo nuo laisv\u0173j\u0173 radikal\u0173 poveikio\u2075.<br \/>\n\u2714 **Kolageno gamyba** \u2013 **vitaminas C** skatina tinkam\u0105 kolageno gamyb\u0105, b\u016btin\u0105 kraujagysli\u0173, kaul\u0173, kremzli\u0173, danten\u0173, dant\u0173 ir odos funkcijoms palaikyti.<br \/>\n\u2714 **Vitamin\u0173 sinergija** \u2013 **vitaminas C** padeda atkurti oksiduot\u0105 vitamino E form\u0105.<br \/>\n **Vartojimas**<br \/>\nVartoti pagal instrukcij\u0105. Prie\u0161 vartojim\u0105 suplakti.<br \/>\n **Laikymas**<br \/>\nLaikyti v\u0117sioje, sausoje vietoje, atokiau nuo tiesiogini\u0173 saul\u0117s spinduli\u0173.<\/p>\n","protected":false},"excerpt":{"rendered":"<p>**Minimalus tinkamumo laikas: 19.06.2025** **DUOLIFE Keratin Hair Complex** *Skystos formos maisto papildas, kurio aktyv\u016bs ingredientai padeda i\u0161laikyti plaukus, nagus ir od\u0105 optimalios b\u016bkl\u0117s\u00b9, prisideda prie odos valymo\u00b2 ir padeda apsaugoti l\u0105steles nuo oksidacinio streso\u00b3.* **DUOLIFE Keratin Hair Complex** \u2013 tai skystos formos maisto papildas, sudarytas i\u0161 kruop\u0161\u010diai atrinkt\u0173 nat\u016bralios kilm\u0117s ingredient\u0173, kurie sudaro unikali\u0105, sinergijos [&#8230;]\n","protected":false},"featured_media":434,"comment_status":"open","ping_status":"closed","template":"","meta":[],"product_brand":[],"product_cat":[60],"product_tag":[],"class_list":{"0":"post-392","1":"product","2":"type-product","3":"status-publish","4":"has-post-thumbnail","6":"product_cat-naturalus-maisto-papildai","8":"first","9":"instock","10":"shipping-taxable","11":"purchasable","12":"product-type-simple"},"_links":{"self":[{"href":"https:\/\/duolifelietuva.com\/index.php?rest_route=\/wp\/v2\/product\/392","targetHints":{"allow":["GET"]}}],"collection":[{"href":"https:\/\/duolifelietuva.com\/index.php?rest_route=\/wp\/v2\/product"}],"about":[{"href":"https:\/\/duolifelietuva.com\/index.php?rest_route=\/wp\/v2\/types\/product"}],"replies":[{"embeddable":true,"href":"https:\/\/duolifelietuva.com\/index.php?rest_route=%2Fwp%2Fv2%2Fcomments&post=392"}],"wp:featuredmedia":[{"embeddable":true,"href":"https:\/\/duolifelietuva.com\/index.php?rest_route=\/wp\/v2\/media\/434"}],"wp:attachment":[{"href":"https:\/\/duolifelietuva.com\/index.php?rest_route=%2Fwp%2Fv2%2Fmedia&parent=392"}],"wp:term":[{"taxonomy":"product_brand","embeddable":true,"href":"https:\/\/duolifelietuva.com\/index.php?rest_route=%2Fwp%2Fv2%2Fproduct_brand&post=392"},{"taxonomy":"product_cat","embeddable":true,"href":"https:\/\/duolifelietuva.com\/index.php?rest_route=%2Fwp%2Fv2%2Fproduct_cat&post=392"},{"taxonomy":"product_tag","embeddable":true,"href":"https:\/\/duolifelietuva.com\/index.php?rest_route=%2Fwp%2Fv2%2Fproduct_tag&post=392"}],"curies":[{"name":"wp","href":"https:\/\/api.w.org\/{rel}","templated":true}]}}