{"id":393,"date":"2024-12-24T15:24:24","date_gmt":"2024-12-24T15:24:24","guid":{"rendered":"https:\/\/duolifelietuva.com\/?post_type=product&#038;p=393"},"modified":"2026-02-14T23:06:20","modified_gmt":"2026-02-14T23:06:20","slug":"duolife-day-and-night-set","status":"publish","type":"product","link":"https:\/\/duolifelietuva.com\/?product=duolife-day-and-night-set","title":{"rendered":"DuoLife Day and Night set"},"content":{"rendered":"<p>**DuoLife Dienos ir Nakties rinkinys** \u2013 tai specialiai sukurta formul\u0117, kuri yra pateikiama dviejose produkto buteliukuose. \u017dmogaus organizmui dienos metu reikalingi vieni ingredientai, o nakt\u012f \u2013 kiti. Unikali nat\u016brali\u0173 ingredient\u0173 sud\u0117tis palaiko atskir\u0173 organizmo sistem\u0173 veikl\u0105 pagal paros ritm\u0105.  <\/p>\n<p>**DuoLife Dienos** \u2013 tai sprendimas visiems, kurie nori suaktyvinti savo organizmo psichomotorik\u0105 ir apr\u016bpinti j\u012f b\u016btinomis med\u017eiagomis, reikalingomis tinkamam kasdieniam funkcionavimui.<br \/>\n**DuoLife Naktis** \u2013 tai idealus produktas tiems, kurie, po pilnaver\u010dio miego ir naktinio j\u0117g\u0173 atstatymo, nori d\u017eiaugtis gyvenimu, apr\u016bpindami organizm\u0105 b\u016btinomis med\u017eiagomis.<\/p>\n","protected":false},"excerpt":{"rendered":"<p>**DuoLife Dienos ir Nakties rinkinys** \u2013 tai specialiai sukurta formul\u0117, kuri yra pateikiama dviejose produkto buteliukuose. \u017dmogaus organizmui dienos metu reikalingi vieni ingredientai, o nakt\u012f \u2013 kiti. Unikali nat\u016brali\u0173 ingredient\u0173 sud\u0117tis palaiko atskir\u0173 organizmo sistem\u0173 veikl\u0105 pagal paros ritm\u0105. **DuoLife Dienos** \u2013 tai sprendimas visiems, kurie nori suaktyvinti savo organizmo psichomotorik\u0105 ir apr\u016bpinti j\u012f b\u016btinomis [&#8230;]\n","protected":false},"featured_media":553,"comment_status":"open","ping_status":"closed","template":"","meta":[],"product_brand":[],"product_cat":[60],"product_tag":[],"class_list":{"0":"post-393","1":"product","2":"type-product","3":"status-publish","4":"has-post-thumbnail","6":"product_cat-naturalus-maisto-papildai","8":"first","9":"instock","10":"shipping-taxable","11":"purchasable","12":"product-type-simple"},"_links":{"self":[{"href":"https:\/\/duolifelietuva.com\/index.php?rest_route=\/wp\/v2\/product\/393","targetHints":{"allow":["GET"]}}],"collection":[{"href":"https:\/\/duolifelietuva.com\/index.php?rest_route=\/wp\/v2\/product"}],"about":[{"href":"https:\/\/duolifelietuva.com\/index.php?rest_route=\/wp\/v2\/types\/product"}],"replies":[{"embeddable":true,"href":"https:\/\/duolifelietuva.com\/index.php?rest_route=%2Fwp%2Fv2%2Fcomments&post=393"}],"wp:featuredmedia":[{"embeddable":true,"href":"https:\/\/duolifelietuva.com\/index.php?rest_route=\/wp\/v2\/media\/553"}],"wp:attachment":[{"href":"https:\/\/duolifelietuva.com\/index.php?rest_route=%2Fwp%2Fv2%2Fmedia&parent=393"}],"wp:term":[{"taxonomy":"product_brand","embeddable":true,"href":"https:\/\/duolifelietuva.com\/index.php?rest_route=%2Fwp%2Fv2%2Fproduct_brand&post=393"},{"taxonomy":"product_cat","embeddable":true,"href":"https:\/\/duolifelietuva.com\/index.php?rest_route=%2Fwp%2Fv2%2Fproduct_cat&post=393"},{"taxonomy":"product_tag","embeddable":true,"href":"https:\/\/duolifelietuva.com\/index.php?rest_route=%2Fwp%2Fv2%2Fproduct_tag&post=393"}],"curies":[{"name":"wp","href":"https:\/\/api.w.org\/{rel}","templated":true}]}}