{"id":394,"date":"2024-12-24T15:24:24","date_gmt":"2024-12-24T15:24:24","guid":{"rendered":"https:\/\/duolifelietuva.com\/?post_type=product&#038;p=394"},"modified":"2026-02-14T03:40:50","modified_gmt":"2026-02-14T03:40:50","slug":"duolife-aloes","status":"publish","type":"product","link":"https:\/\/duolifelietuva.com\/?product=duolife-aloes","title":{"rendered":"DuoLife Aloes"},"content":{"rendered":"<p>**DUOLIFE Aloes** \u2013 tai biologinis aktyvus priedas skystos formos, kurio aktyv\u016bs ingredientai, be kita ko, prisideda prie normalaus imunin\u0117s sistemos darbo, padeda i\u0161laikyti sveik\u0105 od\u0105, palaiko vir\u0161kinimo procesus ir kepen\u0173 funkcijas. **DUOLIFE Aloes** \u2013 tai skystas biologinis aktyvus priedas, sudarytas i\u0161 kruop\u0161\u010diai atrinkt\u0173 nat\u016bralios kilm\u0117s ingredient\u0173, kurie sukuria unikali\u0105 sud\u0117t\u012f pagal sinergijos princip\u0105. **DUOLIFE Aloes** produktas yra alavijo sultys su mink\u0161timu, medus ir raudon\u0117lio \u017eol\u0117s ekstraktas.<\/p>\n<p>**DUOLIFE Aloes** sud\u0117tis: alavijo sultys su mink\u0161timu, \u017eied\u0173 medus ir raudon\u0117lio \u017eol\u0117s ekstraktas.<\/p>\n<p>a. Alavijas prisideda prie normalaus imuniteto darbo. (ID 1996)<\/p>\n<p>b. Alavijas padeda i\u0161laikyti sveik\u0105 od\u0105. (ID 1995)<\/p>\n<p>Alavijas prisideda prie normalios gliukoz\u0117s apykaitos. (ID 4331)<\/p>\n<p>Alavijas padeda i\u0161laikyti energij\u0105. (ID 2634)<\/p>\n<p>c. Raudon\u0117lis palaiko vir\u0161kinimo procesus. (ID 3691)<\/p>\n<p>d. Raudon\u0117lis palaiko kepen\u0173 funkcijas. (ID 2471)<\/p>\n<p>Raudon\u0117lis palaiko vir\u0161utini\u0173 kv\u0117pavimo tak\u0173 funkcijas ir organizmo imunitet\u0105. (ID 2469)<\/p>\n<p>Raudon\u0117lis palaiko \u0161irdies ir kraujagysli\u0173 sistemos darb\u0105 ir i\u0161laiko kraujo spaudim\u0105 optimaliame lygyje. (ID 2472)<\/p>\n","protected":false},"excerpt":{"rendered":"<p>**DUOLIFE Aloes** \u2013 tai biologinis aktyvus priedas skystos formos, kurio aktyv\u016bs ingredientai, be kita ko, prisideda prie normalaus imunin\u0117s sistemos darbo, padeda i\u0161laikyti sveik\u0105 od\u0105, palaiko vir\u0161kinimo procesus ir kepen\u0173 funkcijas. **DUOLIFE Aloes** \u2013 tai skystas biologinis aktyvus priedas, sudarytas i\u0161 kruop\u0161\u010diai atrinkt\u0173 nat\u016bralios kilm\u0117s ingredient\u0173, kurie sukuria unikali\u0105 sud\u0117t\u012f pagal sinergijos princip\u0105. **DUOLIFE Aloes** [&#8230;]\n","protected":false},"featured_media":436,"comment_status":"open","ping_status":"closed","template":"","meta":[],"product_brand":[],"product_cat":[60],"product_tag":[],"class_list":{"0":"post-394","1":"product","2":"type-product","3":"status-publish","4":"has-post-thumbnail","6":"product_cat-naturalus-maisto-papildai","8":"first","9":"instock","10":"shipping-taxable","11":"purchasable","12":"product-type-simple"},"_links":{"self":[{"href":"https:\/\/duolifelietuva.com\/index.php?rest_route=\/wp\/v2\/product\/394","targetHints":{"allow":["GET"]}}],"collection":[{"href":"https:\/\/duolifelietuva.com\/index.php?rest_route=\/wp\/v2\/product"}],"about":[{"href":"https:\/\/duolifelietuva.com\/index.php?rest_route=\/wp\/v2\/types\/product"}],"replies":[{"embeddable":true,"href":"https:\/\/duolifelietuva.com\/index.php?rest_route=%2Fwp%2Fv2%2Fcomments&post=394"}],"wp:featuredmedia":[{"embeddable":true,"href":"https:\/\/duolifelietuva.com\/index.php?rest_route=\/wp\/v2\/media\/436"}],"wp:attachment":[{"href":"https:\/\/duolifelietuva.com\/index.php?rest_route=%2Fwp%2Fv2%2Fmedia&parent=394"}],"wp:term":[{"taxonomy":"product_brand","embeddable":true,"href":"https:\/\/duolifelietuva.com\/index.php?rest_route=%2Fwp%2Fv2%2Fproduct_brand&post=394"},{"taxonomy":"product_cat","embeddable":true,"href":"https:\/\/duolifelietuva.com\/index.php?rest_route=%2Fwp%2Fv2%2Fproduct_cat&post=394"},{"taxonomy":"product_tag","embeddable":true,"href":"https:\/\/duolifelietuva.com\/index.php?rest_route=%2Fwp%2Fv2%2Fproduct_tag&post=394"}],"curies":[{"name":"wp","href":"https:\/\/api.w.org\/{rel}","templated":true}]}}