{"id":876,"date":"2025-02-11T08:57:45","date_gmt":"2025-02-11T08:57:45","guid":{"rendered":"https:\/\/duolifelietuva.com\/?post_type=product&#038;p=876"},"modified":"2025-05-23T17:36:05","modified_gmt":"2025-05-23T17:36:05","slug":"fizzy-easy-q10-complex-2","status":"publish","type":"product","link":"https:\/\/duolifelietuva.com\/?product=fizzy-easy-q10-complex-2","title":{"rendered":"FIZZY EASY Q10 COMPLEX"},"content":{"rendered":"<p>**DUOLIFE Boost Formula FIZZY EASY Q10 COMPLEX \u2013 putojan\u010di\u0173 table\u010di\u0173 pavidalo maisto papildas**  <\/p>\n<p>DUOLIFE Boost Formula **FIZZY EASY Q10 COMPLEX** \u2013 tai **biologi\u0161kai aktyvus maisto papildas putojan\u010di\u0173 table\u010di\u0173 pavidalu**. Jo sudedamosios dalys pasi\u017eymi vertingomis savyb\u0117mis:  <\/p>\n<p>\u2705 **Padeda apsaugoti l\u0105steles nuo oksidacinio streso** \ud83d\udee1<br \/>\n\u2705 **Padeda palaikyti sveikus kaulus, plaukus, nagus ir od\u0105** \u2728<br \/>\n\u2705 **Skatina normal\u0173 energijos apykait\u0105** \u26a1  <\/p>\n<p>\ud83c\udf3f **Vertinga sud\u0117tis:**<br \/>\n\ud83d\udd38 Kofermentas Q10<br \/>\n\ud83d\udd38 Resveratrolis (i\u0161 japoninio pel\u0117virk\u0161to \u0161aknies ekstrakto)<br \/>\n\ud83d\udd38 Juodojo imbiero \u0161aknies ekstraktas<br \/>\n\ud83d\udd38 Likopenas<br \/>\n\ud83d\udd38 Vitaminai C ir E<br \/>\n\ud83d\udd38 Mineralai: cinkas ir selenas<br \/>\n\ud83d\udd38 **BioPerine\u00ae** \u2013 patentuota juod\u0173j\u0173 pipir\u0173 vaisi\u0173 ekstrakto formul\u0117 (standartizuota iki 95 % piperino), kuri **gerina maistini\u0173 med\u017eiag\u0173 \u012fsisavinim\u0105**  <\/p>\n<p>\ud83c\udf34 **Tropinio vaisi\u0173 skonio** \ud83d\udc9b  <\/p>\n<p>**DUOLIFE Boost Formula FIZZY EASY Q10 COMPLEX \u2013 tai ne tik puikus skonis, bet ir visapusi\u0161ka parama organizmui kiekvien\u0105 dien\u0105!**<\/p>\n","protected":false},"excerpt":{"rendered":"<p>**DUOLIFE Boost Formula FIZZY EASY Q10 COMPLEX \u2013 putojan\u010di\u0173 table\u010di\u0173 pavidalo maisto papildas** DUOLIFE Boost Formula **FIZZY EASY Q10 COMPLEX** \u2013 tai **biologi\u0161kai aktyvus maisto papildas putojan\u010di\u0173 table\u010di\u0173 pavidalu**. Jo sudedamosios dalys pasi\u017eymi vertingomis savyb\u0117mis: \u2705 **Padeda apsaugoti l\u0105steles nuo oksidacinio streso** \ud83d\udee1 \u2705 **Padeda palaikyti sveikus kaulus, plaukus, nagus ir od\u0105** \u2728 \u2705 **Skatina [&#8230;]\n","protected":false},"featured_media":879,"comment_status":"open","ping_status":"closed","template":"","meta":[],"product_brand":[],"product_cat":[60],"product_tag":[],"class_list":{"0":"post-876","1":"product","2":"type-product","3":"status-publish","4":"has-post-thumbnail","6":"product_cat-naturalus-maisto-papildai","8":"first","9":"instock","10":"shipping-taxable","11":"purchasable","12":"product-type-simple"},"_links":{"self":[{"href":"https:\/\/duolifelietuva.com\/index.php?rest_route=\/wp\/v2\/product\/876","targetHints":{"allow":["GET"]}}],"collection":[{"href":"https:\/\/duolifelietuva.com\/index.php?rest_route=\/wp\/v2\/product"}],"about":[{"href":"https:\/\/duolifelietuva.com\/index.php?rest_route=\/wp\/v2\/types\/product"}],"replies":[{"embeddable":true,"href":"https:\/\/duolifelietuva.com\/index.php?rest_route=%2Fwp%2Fv2%2Fcomments&post=876"}],"wp:featuredmedia":[{"embeddable":true,"href":"https:\/\/duolifelietuva.com\/index.php?rest_route=\/wp\/v2\/media\/879"}],"wp:attachment":[{"href":"https:\/\/duolifelietuva.com\/index.php?rest_route=%2Fwp%2Fv2%2Fmedia&parent=876"}],"wp:term":[{"taxonomy":"product_brand","embeddable":true,"href":"https:\/\/duolifelietuva.com\/index.php?rest_route=%2Fwp%2Fv2%2Fproduct_brand&post=876"},{"taxonomy":"product_cat","embeddable":true,"href":"https:\/\/duolifelietuva.com\/index.php?rest_route=%2Fwp%2Fv2%2Fproduct_cat&post=876"},{"taxonomy":"product_tag","embeddable":true,"href":"https:\/\/duolifelietuva.com\/index.php?rest_route=%2Fwp%2Fv2%2Fproduct_tag&post=876"}],"curies":[{"name":"wp","href":"https:\/\/api.w.org\/{rel}","templated":true}]}}