{"id":880,"date":"2025-02-11T09:08:07","date_gmt":"2025-02-11T09:08:07","guid":{"rendered":"https:\/\/duolifelietuva.com\/?post_type=product&#038;p=880"},"modified":"2025-05-23T17:34:35","modified_gmt":"2025-05-23T17:34:35","slug":"fizzy-easy-l-arginine-complex-2","status":"publish","type":"product","link":"https:\/\/duolifelietuva.com\/?product=fizzy-easy-l-arginine-complex-2","title":{"rendered":"FIZZY EASY L-arginine COMPLEX"},"content":{"rendered":"<p>**DUOLIFE Boost Formula FIZZY EASY L-arginine COMPLEX \u2013 putojan\u010di\u0173 table\u010di\u0173 pavidalo maisto papildas**  <\/p>\n<p>DUOLIFE Boost Formula **FIZZY EASY L-arginine COMPLEX** \u2013 tai **biologi\u0161kai aktyvus maisto papildas putojan\u010di\u0173 table\u010di\u0173 pavidalu**, kurio sudedamosios dalys pasi\u017eymi vertingomis savyb\u0117mis:  <\/p>\n<p>\u2705 **Padeda palaikyti optimali\u0105 energijos apykait\u0105** \u26a1<br \/>\n\u2705 **Skatina raumen\u0173 mas\u0117s augim\u0105** \ud83d\udcaa<br \/>\n\u2705 **Gerina i\u0161tverm\u0119 ir gyvybingum\u0105** \ud83c\udfc3\u200d\u2642\ufe0f<br \/>\n\u2705 **Palaiko ger\u0105 fizin\u0119 ir psichin\u0119 savijaut\u0105** \ud83e\udde0<br \/>\n\u2705 **Padeda organizmui prisitaikyti prie streso** \ud83d\udee1  <\/p>\n<p>\ud83c\udf4a **Apelsin\u0173-vy\u0161ni\u0173 skonio** \ud83c\udf52  <\/p>\n<p>\ud83c\udf3f **I\u0161skirtin\u0117 sud\u0117tis:**<br \/>\n\ud83d\udd38 **Aminor\u016bg\u0161tys**: L-argininas ir L-citrulinas<br \/>\n\ud83d\udd38 **Augaliniai ekstraktai**: burok\u0117li\u0173 \u0161aknies ekstraktas, a\u0161vagandos \u0161aknies ekstraktas<br \/>\n\ud83d\udd38 **Flavonoidas**: rutinas<br \/>\n\ud83d\udd38 **B grup\u0117s vitaminai**: niacinas (B3), vitaminas B12<br \/>\n\ud83d\udd38 **BioPerine\u00ae** \u2013 patentuota juod\u0173j\u0173 pipir\u0173 vaisi\u0173 ekstrakto formul\u0117 (standartizuota iki 95 % piperino), **gerinanti maistini\u0173 med\u017eiag\u0173 \u012fsisavinim\u0105**  <\/p>\n<p>DUOLIFE Boost Formula **FIZZY EASY L-arginine COMPLEX** \u2013 tai veiksminga formul\u0117, padedanti palaikyti **aktyv\u0173 gyvenimo b\u016bd\u0105, i\u0161tverm\u0119 ir ger\u0105 savijaut\u0105 kiekvien\u0105 dien\u0105!** \ud83d\udcaa\ud83c\udf31<\/p>\n","protected":false},"excerpt":{"rendered":"<p>**DUOLIFE Boost Formula FIZZY EASY L-arginine COMPLEX \u2013 putojan\u010di\u0173 table\u010di\u0173 pavidalo maisto papildas** DUOLIFE Boost Formula **FIZZY EASY L-arginine COMPLEX** \u2013 tai **biologi\u0161kai aktyvus maisto papildas putojan\u010di\u0173 table\u010di\u0173 pavidalu**, kurio sudedamosios dalys pasi\u017eymi vertingomis savyb\u0117mis: \u2705 **Padeda palaikyti optimali\u0105 energijos apykait\u0105** \u26a1 \u2705 **Skatina raumen\u0173 mas\u0117s augim\u0105** \ud83d\udcaa \u2705 **Gerina i\u0161tverm\u0119 ir gyvybingum\u0105** \ud83c\udfc3\u200d\u2642\ufe0f \u2705 [&#8230;]\n","protected":false},"featured_media":881,"comment_status":"open","ping_status":"closed","template":"","meta":[],"product_brand":[],"product_cat":[60],"product_tag":[],"class_list":{"0":"post-880","1":"product","2":"type-product","3":"status-publish","4":"has-post-thumbnail","6":"product_cat-naturalus-maisto-papildai","8":"first","9":"instock","10":"shipping-taxable","11":"purchasable","12":"product-type-simple"},"_links":{"self":[{"href":"https:\/\/duolifelietuva.com\/index.php?rest_route=\/wp\/v2\/product\/880","targetHints":{"allow":["GET"]}}],"collection":[{"href":"https:\/\/duolifelietuva.com\/index.php?rest_route=\/wp\/v2\/product"}],"about":[{"href":"https:\/\/duolifelietuva.com\/index.php?rest_route=\/wp\/v2\/types\/product"}],"replies":[{"embeddable":true,"href":"https:\/\/duolifelietuva.com\/index.php?rest_route=%2Fwp%2Fv2%2Fcomments&post=880"}],"wp:featuredmedia":[{"embeddable":true,"href":"https:\/\/duolifelietuva.com\/index.php?rest_route=\/wp\/v2\/media\/881"}],"wp:attachment":[{"href":"https:\/\/duolifelietuva.com\/index.php?rest_route=%2Fwp%2Fv2%2Fmedia&parent=880"}],"wp:term":[{"taxonomy":"product_brand","embeddable":true,"href":"https:\/\/duolifelietuva.com\/index.php?rest_route=%2Fwp%2Fv2%2Fproduct_brand&post=880"},{"taxonomy":"product_cat","embeddable":true,"href":"https:\/\/duolifelietuva.com\/index.php?rest_route=%2Fwp%2Fv2%2Fproduct_cat&post=880"},{"taxonomy":"product_tag","embeddable":true,"href":"https:\/\/duolifelietuva.com\/index.php?rest_route=%2Fwp%2Fv2%2Fproduct_tag&post=880"}],"curies":[{"name":"wp","href":"https:\/\/api.w.org\/{rel}","templated":true}]}}