{"id":997,"date":"2025-02-12T12:37:27","date_gmt":"2025-02-12T12:37:27","guid":{"rendered":"https:\/\/duolifelietuva.com\/?post_type=product&#038;p=997"},"modified":"2025-05-23T17:14:33","modified_gmt":"2025-05-23T17:14:33","slug":"keratin-hair-complex-conditioner-200ml","status":"publish","type":"product","link":"https:\/\/duolifelietuva.com\/?product=keratin-hair-complex-conditioner-200ml","title":{"rendered":"Keratin Hair Complex Conditioner 200ml"},"content":{"rendered":"<p>**Keratin Hair Complex Conditioner** \u2013 tai atkuriamasis SOS sprendimas J\u016bs\u0173 plaukams. Intensyviai maitina net silpnus, linkusius slinkti plaukus. Pagerina plauk\u0173 blizges\u012f, prisideda prie j\u0173 b\u016bkl\u0117s ir i\u0161vaizdos gerinimo.  <\/p>\n<p>Aktyvi\u0173j\u0173 ingredient\u0173, toki\u0173 kaip avokad\u0173 aliejus, avie\u010di\u0173 ekstraktas, azijin\u0117s centel\u0117s ekstraktas, hidrolizuotas keratinas, pantenolis ir taukmed\u017eio sviestas, derinys suk\u016br\u0117 nauj\u0105, patobulint\u0105 plauk\u0173 prie\u017ei\u016bros dimensij\u0105.  <\/p>\n<p>**Pro Keratin Hair Complex Conditioner** \u2013 ekspert\u0173 rekomenduojama priemon\u0117 plaukams, linkusiems slinkti, sausiems ir pa\u017eeistiems, su skilin\u0117jan\u010diais galiukais bei stokojantiems blizgesio.  <\/p>\n<p>**Eliksyras**, sudarytas i\u0161 aktyvi\u0173j\u0173 komponent\u0173 (avokad\u0173 aliejaus, avie\u010di\u0173 ekstrakto, azijin\u0117s centel\u0117s ekstrakto, hidrolizuoto keratino, pantenolio ir taukmed\u017eio sviesto), suteikia intensyvi\u0105 prie\u017ei\u016br\u0105 J\u016bs\u0173 plaukams.<br \/>\nKondicionieri\u0173 reikia tepti nedideliu kiekiu \u2013 ma\u017edaug arbatin\u012f \u0161auk\u0161tel\u012f. Galima naudoti tiek ant saus\u0173, tiek ant dr\u0117gn\u0173 plauk\u0173.<br \/>\nYra du naudojimo b\u016bdai:<br \/>\n1. **Tradicinis metodas** \u2013 pirmiausia \u0161amp\u016bnas, tada kondicionierius\/kauk\u0117.<br \/>\n2. **Jei plaukai link\u0119 riebaluotis** \u2013 pirmiausia kondicionierius\/kauk\u0117, tada \u0161amp\u016bnas.<br \/>\nGalima taikyti dvi plauk\u0173 prie\u017ei\u016bros schemas: **plovimas \u2013 maitinimas** arba **maitinimas \u2013 plovimas**.<\/p>\n","protected":false},"excerpt":{"rendered":"<p>**Keratin Hair Complex Conditioner** \u2013 tai atkuriamasis SOS sprendimas J\u016bs\u0173 plaukams. Intensyviai maitina net silpnus, linkusius slinkti plaukus. Pagerina plauk\u0173 blizges\u012f, prisideda prie j\u0173 b\u016bkl\u0117s ir i\u0161vaizdos gerinimo. Aktyvi\u0173j\u0173 ingredient\u0173, toki\u0173 kaip avokad\u0173 aliejus, avie\u010di\u0173 ekstraktas, azijin\u0117s centel\u0117s ekstraktas, hidrolizuotas keratinas, pantenolis ir taukmed\u017eio sviestas, derinys suk\u016br\u0117 nauj\u0105, patobulint\u0105 plauk\u0173 prie\u017ei\u016bros dimensij\u0105. **Pro Keratin Hair [&#8230;]\n","protected":false},"featured_media":999,"comment_status":"open","ping_status":"closed","template":"","meta":[],"product_brand":[],"product_cat":[61],"product_tag":[],"class_list":{"0":"post-997","1":"product","2":"type-product","3":"status-publish","4":"has-post-thumbnail","6":"product_cat-kosmetika","8":"first","9":"instock","10":"shipping-taxable","11":"purchasable","12":"product-type-simple"},"_links":{"self":[{"href":"https:\/\/duolifelietuva.com\/index.php?rest_route=\/wp\/v2\/product\/997","targetHints":{"allow":["GET"]}}],"collection":[{"href":"https:\/\/duolifelietuva.com\/index.php?rest_route=\/wp\/v2\/product"}],"about":[{"href":"https:\/\/duolifelietuva.com\/index.php?rest_route=\/wp\/v2\/types\/product"}],"replies":[{"embeddable":true,"href":"https:\/\/duolifelietuva.com\/index.php?rest_route=%2Fwp%2Fv2%2Fcomments&post=997"}],"wp:featuredmedia":[{"embeddable":true,"href":"https:\/\/duolifelietuva.com\/index.php?rest_route=\/wp\/v2\/media\/999"}],"wp:attachment":[{"href":"https:\/\/duolifelietuva.com\/index.php?rest_route=%2Fwp%2Fv2%2Fmedia&parent=997"}],"wp:term":[{"taxonomy":"product_brand","embeddable":true,"href":"https:\/\/duolifelietuva.com\/index.php?rest_route=%2Fwp%2Fv2%2Fproduct_brand&post=997"},{"taxonomy":"product_cat","embeddable":true,"href":"https:\/\/duolifelietuva.com\/index.php?rest_route=%2Fwp%2Fv2%2Fproduct_cat&post=997"},{"taxonomy":"product_tag","embeddable":true,"href":"https:\/\/duolifelietuva.com\/index.php?rest_route=%2Fwp%2Fv2%2Fproduct_tag&post=997"}],"curies":[{"name":"wp","href":"https:\/\/api.w.org\/{rel}","templated":true}]}}